{"id":75742,"date":"2026-04-27T04:44:00","date_gmt":"2026-04-27T04:44:00","guid":{"rendered":""},"modified":"2026-04-27T04:44:00","modified_gmt":"2026-04-27T04:44:00","slug":"zoja-keramia-fresh-strip-galerka-s-led-osvetlenim-60x60x14cm-leva-bila-doprava-zdarma-75742","status":"publish","type":"product","link":"https:\/\/www.technodompro.com\/index.php\/produkt\/zoja-keramia-fresh-strip-galerka-s-led-osvetlenim-60x60x14cm-leva-bila-doprava-zdarma-75742\/","title":{"rendered":"ZOJA\/KERAMIA FRESH STRIP galerka s LED osv\u011btlen\u00edm, 60x60x14cm, lev\u00e1, b\u00edl\u00e1 Doprava Zdarma"},"content":{"rendered":"<div class=\"basic-description\">\n<h3>Detailn\u00ed popis produktu<\/h3>\n<ul>\n<li>Sk\u0159\u00ed\u0148ka je standardn\u011b dod\u00e1v\u00e1na se 2 druhy \u00fachytek \u2013 hranat\u00e9 (Zoja) a   kulat\u00e9 (Keramia Fresh), aby ji bylo mo\u017eno kombinovat s dal\u0161\u00edmi sk\u0159\u00ed\u0148kami Zoja   i Keramia Fresh<\/li>\n<\/ul>\n<div class=\"product-explanation-item\">\n<h3>Barva LED: Denn\u00ed b\u00edl\u00e1<\/h3>\n<p style=\"text-align: justify;\">Pro ur\u010den\u00ed barvy sv\u011btla se pou\u017e\u00edv\u00e1 pojem \u201eteplota chromati\u010dnosti\u201c. Jej\u00ed hodnoty se ud\u00e1vaj\u00ed v jednotk\u00e1ch Kelvin\u016f (K). Denn\u00ed b\u00edl\u00e1 je barva vyza\u0159ovan\u00e9ho sv\u011btla v rozmez\u00ed 4000 &#8211; 5000 K. Toto sv\u011btlo je pocitov\u011b neutr\u00e1ln\u00ed, nejv\u00edce p\u0159ipom\u00edn\u00e1 denn\u00ed sv\u011btlo. Nezkresluje vn\u00edm\u00e1n\u00ed barev osv\u011btlen\u00fdch p\u0159edm\u011bt\u016f, proto je vhodn\u00e9 do obytn\u00fdch prostor, kuchyn\u00ed a koupelen.<\/p>\n<p style=\"text-align: justify;\">\n<\/div><\/div>\n<div class=\"extended-description\">\n<h3>Dopl\u0148kov\u00e9 parametry<\/h3>\n<table class=\"detail-parameters\">\n<tbody>\n<tr>\n<th>        <span class=\"row-header-label\">            Kategorie<span class=\"row-header-label-colon\">:<\/span>        <\/span>    <\/th>\n<td>            <\/td>\n<\/tr>\n<tr>\n<th>            <span class=\"row-header-label\">                Z\u00e1ruka<span class=\"row-header-label-colon\">:<\/span>            <\/span>        <\/th>\n<td>            24        <\/td>\n<\/tr>\n<tr>\n<th>            <span class=\"row-header-label\">                Hmotnost<span class=\"row-header-label-colon\">:<\/span>            <\/span>        <\/th>\n<td>            11.6 kg        <\/td>\n<\/tr>\n<tr class=\"productEan\">\n<th>          <span class=\"row-header-label productEan__label\">              EAN<span class=\"row-header-label-colon\">:<\/span>          <\/span>      <\/th>\n<td>          <span class=\"productEan__value\">8590913113642<\/span>      <\/td>\n<\/tr>\n<tr>\n<th>                <span class=\"row-header-label\">                                            Balen\u00ed<span class=\"row-header-label-colon\">:<\/span>                                    <\/span>            <\/th>\n<td>                                                            1 ks                                                <\/td>\n<\/tr>\n<tr>\n<th>                <span class=\"row-header-label\">                                            Balen\u00ed obsahuje<span class=\"row-header-label-colon\">:<\/span>                                    <\/span>            <\/th>\n<td>                                                            \u00dachytka                                                <\/td>\n<\/tr>\n<tr>\n<th>                <span class=\"row-header-label\">                                            Barva<span class=\"row-header-label-colon\">:<\/span>                                    <\/span>            <\/th>\n<td>                                                            B\u00edl\u00e1                                                <\/td>\n<\/tr>\n<tr>\n<th>                <span class=\"row-header-label\">                                            Barva LED<span class=\"row-header-label-colon\">:<\/span>                                    <\/span>            <\/th>\n<td>                                                            Denn\u00ed b\u00edl\u00e1 (4 000 &#8211; 5 000 K)                                                <\/td>\n<\/tr>\n<tr>\n<th>                <span class=\"row-header-label\">                                            Dostupnost<span class=\"row-header-label-colon\">:<\/span>                                    <\/span>            <\/th>\n<td>                                                            Skladem                                                <\/td>\n<\/tr>\n<tr>\n<th>                <span class=\"row-header-label\">                                            Hloubka<span class=\"row-header-label-colon\">:<\/span>                                    <\/span>            <\/th>\n<td>                                                            140 mm                                                <\/td>\n<\/tr>\n<tr>\n<th>                <span class=\"row-header-label\">                                            Materi\u00e1l<span class=\"row-header-label-colon\">:<\/span>                                    <\/span>            <\/th>\n<td>                                                            MDF\/lamino                                                <\/td>\n<\/tr>\n<tr>\n<th>                <span class=\"row-header-label\">                                            Ovl\u00e1d\u00e1n\u00ed sv\u011btla<span class=\"row-header-label-colon\">:<\/span>                                    <\/span>            <\/th>\n<td>                                                            Vyp\u00edna\u010d                                                <\/td>\n<\/tr>\n<tr>\n<th>                <span class=\"row-header-label\">                                            P\u0159\u00edkon<span class=\"row-header-label-colon\">:<\/span>                                    <\/span>            <\/th>\n<td>                                                            4.3 W                                                <\/td>\n<\/tr>\n<tr>\n<th>                <span class=\"row-header-label\">                                            Rozm\u011br<span class=\"row-header-label-colon\">:<\/span>                                    <\/span>            <\/th>\n<td>                                                            60x60x14 cm                                                <\/td>\n<\/tr>\n<tr>\n<th>                <span class=\"row-header-label\">                                            Sm\u011br otev\u00edr\u00e1n\u00ed<span class=\"row-header-label-colon\">:<\/span>                                    <\/span>            <\/th>\n<td>                                                            Lev\u00e9                                                <\/td>\n<\/tr>\n<tr>\n<th>                <span class=\"row-header-label\">                                            Stupe\u0148 kryt\u00ed<span class=\"row-header-label-colon\">:<\/span>                                    <\/span>            <\/th>\n<td>                                                            IP22                                                <\/td>\n<\/tr>\n<tr>\n<th>                <span class=\"row-header-label\">                                            Sv\u00edtivost<span class=\"row-header-label-colon\">:<\/span>                                    <\/span>            <\/th>\n<td>                                                            540 lm                                                <\/td>\n<\/tr>\n<tr>\n<th>                <span class=\"row-header-label\">                                            \u0160\u00ed\u0159ka<span class=\"row-header-label-colon\">:<\/span>                                    <\/span>            <\/th>\n<td>                                                            600 mm                                                <\/td>\n<\/tr>\n<tr>\n<th>                <span class=\"row-header-label\">                                            Typ osv\u011btlen\u00ed<span class=\"row-header-label-colon\">:<\/span>                                    <\/span>            <\/th>\n<td>                                                            LED                                                <\/td>\n<\/tr>\n<tr>\n<th>                <span class=\"row-header-label\">                                            V\u00fdbava<span class=\"row-header-label-colon\">:<\/span>                                    <\/span>            <\/th>\n<td>                                                            Osv\u011btlen\u00ed;Elektrick\u00e1 z\u00e1suvka                                                <\/td>\n<\/tr>\n<tr>\n<th>                <span class=\"row-header-label\">                                            V\u00fd\u0161ka<span class=\"row-header-label-colon\">:<\/span>                                    <\/span>            <\/th>\n<td>                                                            600 mm                                                <\/td>\n<\/tr>\n<tr>\n<th>                <span class=\"row-header-label\">                                            Z\u00e1ruka<span class=\"row-header-label-colon\">:<\/span>                                    <\/span>            <\/th>\n<td>                                                            2 roky                                                <\/td>\n<\/tr>\n<\/tbody>\n<\/table><\/div>\n<\/p><\/div>\n<\/p><\/div>\n","protected":false},"excerpt":{"rendered":"<p>Detailn\u00ed popis produktu Sk\u0159\u00ed\u0148ka je standardn\u011b dod\u00e1v\u00e1na se 2 druhy \u00fachytek \u2013 hranat\u00e9 (Zoja) a kulat\u00e9 (Keramia Fresh), aby ji bylo mo\u017eno kombinovat s dal\u0161\u00edmi sk\u0159\u00ed\u0148kami Zoja i Keramia Fresh Barva LED: Denn\u00ed b\u00edl\u00e1 Pro ur\u010den\u00ed barvy sv\u011btla se pou\u017e\u00edv\u00e1 pojem \u201eteplota chromati\u010dnosti\u201c. Jej\u00ed hodnoty se ud\u00e1vaj\u00ed v jednotk\u00e1ch Kelvin\u016f (K). Denn\u00ed b\u00edl\u00e1 je barva [&hellip;]<\/p>\n","protected":false},"featured_media":75842,"comment_status":"open","ping_status":"open","template":"","meta":[],"product_brand":[],"product_cat":[64],"product_tag":[],"class_list":{"0":"post-75742","1":"product","2":"type-product","3":"status-publish","4":"has-post-thumbnail","6":"product_cat-galerky","8":"first","9":"instock","10":"sale","11":"shipping-taxable","12":"purchasable","13":"product-type-simple"},"yoast_head":"<!-- This site is optimized with the Yoast SEO plugin v26.8 - https:\/\/yoast.com\/product\/yoast-seo-wordpress\/ -->\n<title>ZOJA\/KERAMIA FRESH STRIP galerka s LED osv\u011btlen\u00edm, 60x60x14cm, lev\u00e1, b\u00edl\u00e1 Doprava Zdarma -<\/title>\n<meta name=\"robots\" content=\"index, follow, max-snippet:-1, max-image-preview:large, max-video-preview:-1\" \/>\n<link rel=\"canonical\" href=\"https:\/\/www.technodompro.com\/index.php\/produkt\/zoja-keramia-fresh-strip-galerka-s-led-osvetlenim-60x60x14cm-leva-bila-doprava-zdarma-75742\/\" \/>\n<meta property=\"og:locale\" content=\"cs_CZ\" \/>\n<meta property=\"og:type\" content=\"article\" \/>\n<meta property=\"og:title\" content=\"ZOJA\/KERAMIA FRESH STRIP galerka s LED osv\u011btlen\u00edm, 60x60x14cm, lev\u00e1, b\u00edl\u00e1 Doprava Zdarma -\" \/>\n<meta property=\"og:description\" content=\"Detailn\u00ed popis produktu Sk\u0159\u00ed\u0148ka je standardn\u011b dod\u00e1v\u00e1na se 2 druhy \u00fachytek \u2013 hranat\u00e9 (Zoja) a kulat\u00e9 (Keramia Fresh), aby ji bylo mo\u017eno kombinovat s dal\u0161\u00edmi sk\u0159\u00ed\u0148kami Zoja i Keramia Fresh Barva LED: Denn\u00ed b\u00edl\u00e1 Pro ur\u010den\u00ed barvy sv\u011btla se pou\u017e\u00edv\u00e1 pojem \u201eteplota chromati\u010dnosti\u201c. Jej\u00ed hodnoty se ud\u00e1vaj\u00ed v jednotk\u00e1ch Kelvin\u016f (K). Denn\u00ed b\u00edl\u00e1 je barva [&hellip;]\" \/>\n<meta property=\"og:url\" content=\"https:\/\/www.technodompro.com\/index.php\/produkt\/zoja-keramia-fresh-strip-galerka-s-led-osvetlenim-60x60x14cm-leva-bila-doprava-zdarma-75742\/\" \/>\n<meta property=\"og:image\" content=\"https:\/\/www.technodompro.com\/wp-content\/uploads\/2026\/SK0019408-CZ20260425-092556-0-1777080363-1674793_45021s-255700877968331.webp\" \/>\n\t<meta property=\"og:image:width\" content=\"1000\" \/>\n\t<meta property=\"og:image:height\" content=\"750\" \/>\n\t<meta property=\"og:image:type\" content=\"image\/webp\" \/>\n<meta name=\"twitter:card\" content=\"summary_large_image\" \/>\n<meta name=\"twitter:label1\" content=\"Odhadovan\u00e1 doba \u010dten\u00ed\" \/>\n\t<meta name=\"twitter:data1\" content=\"1 minuta\" \/>\n<script type=\"application\/ld+json\" class=\"yoast-schema-graph\">{\"@context\":\"https:\/\/schema.org\",\"@graph\":[{\"@type\":\"WebPage\",\"@id\":\"https:\/\/www.technodompro.com\/index.php\/produkt\/zoja-keramia-fresh-strip-galerka-s-led-osvetlenim-60x60x14cm-leva-bila-doprava-zdarma-75742\/\",\"url\":\"https:\/\/www.technodompro.com\/index.php\/produkt\/zoja-keramia-fresh-strip-galerka-s-led-osvetlenim-60x60x14cm-leva-bila-doprava-zdarma-75742\/\",\"name\":\"ZOJA\/KERAMIA FRESH STRIP galerka s LED osv\u011btlen\u00edm, 60x60x14cm, lev\u00e1, b\u00edl\u00e1 Doprava Zdarma -\",\"isPartOf\":{\"@id\":\"https:\/\/www.technodompro.com\/#website\"},\"primaryImageOfPage\":{\"@id\":\"https:\/\/www.technodompro.com\/index.php\/produkt\/zoja-keramia-fresh-strip-galerka-s-led-osvetlenim-60x60x14cm-leva-bila-doprava-zdarma-75742\/#primaryimage\"},\"image\":{\"@id\":\"https:\/\/www.technodompro.com\/index.php\/produkt\/zoja-keramia-fresh-strip-galerka-s-led-osvetlenim-60x60x14cm-leva-bila-doprava-zdarma-75742\/#primaryimage\"},\"thumbnailUrl\":\"https:\/\/www.technodompro.com\/wp-content\/uploads\/2026\/SK0019408-CZ20260425-092556-0-1777080363-1674793_45021s-255700877968331.webp\",\"datePublished\":\"2026-04-27T04:44:00+00:00\",\"breadcrumb\":{\"@id\":\"https:\/\/www.technodompro.com\/index.php\/produkt\/zoja-keramia-fresh-strip-galerka-s-led-osvetlenim-60x60x14cm-leva-bila-doprava-zdarma-75742\/#breadcrumb\"},\"inLanguage\":\"cs\",\"potentialAction\":[{\"@type\":\"ReadAction\",\"target\":[\"https:\/\/www.technodompro.com\/index.php\/produkt\/zoja-keramia-fresh-strip-galerka-s-led-osvetlenim-60x60x14cm-leva-bila-doprava-zdarma-75742\/\"]}]},{\"@type\":\"ImageObject\",\"inLanguage\":\"cs\",\"@id\":\"https:\/\/www.technodompro.com\/index.php\/produkt\/zoja-keramia-fresh-strip-galerka-s-led-osvetlenim-60x60x14cm-leva-bila-doprava-zdarma-75742\/#primaryimage\",\"url\":\"https:\/\/www.technodompro.com\/wp-content\/uploads\/2026\/SK0019408-CZ20260425-092556-0-1777080363-1674793_45021s-255700877968331.webp\",\"contentUrl\":\"https:\/\/www.technodompro.com\/wp-content\/uploads\/2026\/SK0019408-CZ20260425-092556-0-1777080363-1674793_45021s-255700877968331.webp\",\"width\":1000,\"height\":750},{\"@type\":\"BreadcrumbList\",\"@id\":\"https:\/\/www.technodompro.com\/index.php\/produkt\/zoja-keramia-fresh-strip-galerka-s-led-osvetlenim-60x60x14cm-leva-bila-doprava-zdarma-75742\/#breadcrumb\",\"itemListElement\":[{\"@type\":\"ListItem\",\"position\":1,\"name\":\"Home\",\"item\":\"https:\/\/www.technodompro.com\/\"},{\"@type\":\"ListItem\",\"position\":2,\"name\":\"Products\",\"item\":\"https:\/\/www.technodompro.com\/index.php\/products\/\"},{\"@type\":\"ListItem\",\"position\":3,\"name\":\"ZOJA\/KERAMIA FRESH STRIP galerka s LED osv\u011btlen\u00edm, 60x60x14cm, lev\u00e1, b\u00edl\u00e1 Doprava Zdarma\"}]},{\"@type\":\"WebSite\",\"@id\":\"https:\/\/www.technodompro.com\/#website\",\"url\":\"https:\/\/www.technodompro.com\/\",\"name\":\"\",\"description\":\"\",\"potentialAction\":[{\"@type\":\"SearchAction\",\"target\":{\"@type\":\"EntryPoint\",\"urlTemplate\":\"https:\/\/www.technodompro.com\/?s={search_term_string}\"},\"query-input\":{\"@type\":\"PropertyValueSpecification\",\"valueRequired\":true,\"valueName\":\"search_term_string\"}}],\"inLanguage\":\"cs\"}]}<\/script>\n<!-- \/ Yoast SEO plugin. -->","yoast_head_json":{"title":"ZOJA\/KERAMIA FRESH STRIP galerka s LED osv\u011btlen\u00edm, 60x60x14cm, lev\u00e1, b\u00edl\u00e1 Doprava Zdarma -","robots":{"index":"index","follow":"follow","max-snippet":"max-snippet:-1","max-image-preview":"max-image-preview:large","max-video-preview":"max-video-preview:-1"},"canonical":"https:\/\/www.technodompro.com\/index.php\/produkt\/zoja-keramia-fresh-strip-galerka-s-led-osvetlenim-60x60x14cm-leva-bila-doprava-zdarma-75742\/","og_locale":"cs_CZ","og_type":"article","og_title":"ZOJA\/KERAMIA FRESH STRIP galerka s LED osv\u011btlen\u00edm, 60x60x14cm, lev\u00e1, b\u00edl\u00e1 Doprava Zdarma -","og_description":"Detailn\u00ed popis produktu Sk\u0159\u00ed\u0148ka je standardn\u011b dod\u00e1v\u00e1na se 2 druhy \u00fachytek \u2013 hranat\u00e9 (Zoja) a kulat\u00e9 (Keramia Fresh), aby ji bylo mo\u017eno kombinovat s dal\u0161\u00edmi sk\u0159\u00ed\u0148kami Zoja i Keramia Fresh Barva LED: Denn\u00ed b\u00edl\u00e1 Pro ur\u010den\u00ed barvy sv\u011btla se pou\u017e\u00edv\u00e1 pojem \u201eteplota chromati\u010dnosti\u201c. Jej\u00ed hodnoty se ud\u00e1vaj\u00ed v jednotk\u00e1ch Kelvin\u016f (K). Denn\u00ed b\u00edl\u00e1 je barva [&hellip;]","og_url":"https:\/\/www.technodompro.com\/index.php\/produkt\/zoja-keramia-fresh-strip-galerka-s-led-osvetlenim-60x60x14cm-leva-bila-doprava-zdarma-75742\/","og_image":[{"width":1000,"height":750,"url":"https:\/\/www.technodompro.com\/wp-content\/uploads\/2026\/SK0019408-CZ20260425-092556-0-1777080363-1674793_45021s-255700877968331.webp","type":"image\/webp"}],"twitter_card":"summary_large_image","twitter_misc":{"Odhadovan\u00e1 doba \u010dten\u00ed":"1 minuta"},"schema":{"@context":"https:\/\/schema.org","@graph":[{"@type":"WebPage","@id":"https:\/\/www.technodompro.com\/index.php\/produkt\/zoja-keramia-fresh-strip-galerka-s-led-osvetlenim-60x60x14cm-leva-bila-doprava-zdarma-75742\/","url":"https:\/\/www.technodompro.com\/index.php\/produkt\/zoja-keramia-fresh-strip-galerka-s-led-osvetlenim-60x60x14cm-leva-bila-doprava-zdarma-75742\/","name":"ZOJA\/KERAMIA FRESH STRIP galerka s LED osv\u011btlen\u00edm, 60x60x14cm, lev\u00e1, b\u00edl\u00e1 Doprava Zdarma -","isPartOf":{"@id":"https:\/\/www.technodompro.com\/#website"},"primaryImageOfPage":{"@id":"https:\/\/www.technodompro.com\/index.php\/produkt\/zoja-keramia-fresh-strip-galerka-s-led-osvetlenim-60x60x14cm-leva-bila-doprava-zdarma-75742\/#primaryimage"},"image":{"@id":"https:\/\/www.technodompro.com\/index.php\/produkt\/zoja-keramia-fresh-strip-galerka-s-led-osvetlenim-60x60x14cm-leva-bila-doprava-zdarma-75742\/#primaryimage"},"thumbnailUrl":"https:\/\/www.technodompro.com\/wp-content\/uploads\/2026\/SK0019408-CZ20260425-092556-0-1777080363-1674793_45021s-255700877968331.webp","datePublished":"2026-04-27T04:44:00+00:00","breadcrumb":{"@id":"https:\/\/www.technodompro.com\/index.php\/produkt\/zoja-keramia-fresh-strip-galerka-s-led-osvetlenim-60x60x14cm-leva-bila-doprava-zdarma-75742\/#breadcrumb"},"inLanguage":"cs","potentialAction":[{"@type":"ReadAction","target":["https:\/\/www.technodompro.com\/index.php\/produkt\/zoja-keramia-fresh-strip-galerka-s-led-osvetlenim-60x60x14cm-leva-bila-doprava-zdarma-75742\/"]}]},{"@type":"ImageObject","inLanguage":"cs","@id":"https:\/\/www.technodompro.com\/index.php\/produkt\/zoja-keramia-fresh-strip-galerka-s-led-osvetlenim-60x60x14cm-leva-bila-doprava-zdarma-75742\/#primaryimage","url":"https:\/\/www.technodompro.com\/wp-content\/uploads\/2026\/SK0019408-CZ20260425-092556-0-1777080363-1674793_45021s-255700877968331.webp","contentUrl":"https:\/\/www.technodompro.com\/wp-content\/uploads\/2026\/SK0019408-CZ20260425-092556-0-1777080363-1674793_45021s-255700877968331.webp","width":1000,"height":750},{"@type":"BreadcrumbList","@id":"https:\/\/www.technodompro.com\/index.php\/produkt\/zoja-keramia-fresh-strip-galerka-s-led-osvetlenim-60x60x14cm-leva-bila-doprava-zdarma-75742\/#breadcrumb","itemListElement":[{"@type":"ListItem","position":1,"name":"Home","item":"https:\/\/www.technodompro.com\/"},{"@type":"ListItem","position":2,"name":"Products","item":"https:\/\/www.technodompro.com\/index.php\/products\/"},{"@type":"ListItem","position":3,"name":"ZOJA\/KERAMIA FRESH STRIP galerka s LED osv\u011btlen\u00edm, 60x60x14cm, lev\u00e1, b\u00edl\u00e1 Doprava Zdarma"}]},{"@type":"WebSite","@id":"https:\/\/www.technodompro.com\/#website","url":"https:\/\/www.technodompro.com\/","name":"","description":"","potentialAction":[{"@type":"SearchAction","target":{"@type":"EntryPoint","urlTemplate":"https:\/\/www.technodompro.com\/?s={search_term_string}"},"query-input":{"@type":"PropertyValueSpecification","valueRequired":true,"valueName":"search_term_string"}}],"inLanguage":"cs"}]}},"_links":{"self":[{"href":"https:\/\/www.technodompro.com\/index.php\/wp-json\/wp\/v2\/product\/75742","targetHints":{"allow":["GET"]}}],"collection":[{"href":"https:\/\/www.technodompro.com\/index.php\/wp-json\/wp\/v2\/product"}],"about":[{"href":"https:\/\/www.technodompro.com\/index.php\/wp-json\/wp\/v2\/types\/product"}],"replies":[{"embeddable":true,"href":"https:\/\/www.technodompro.com\/index.php\/wp-json\/wp\/v2\/comments?post=75742"}],"wp:featuredmedia":[{"embeddable":true,"href":"https:\/\/www.technodompro.com\/index.php\/wp-json\/wp\/v2\/media\/75842"}],"wp:attachment":[{"href":"https:\/\/www.technodompro.com\/index.php\/wp-json\/wp\/v2\/media?parent=75742"}],"wp:term":[{"taxonomy":"product_brand","embeddable":true,"href":"https:\/\/www.technodompro.com\/index.php\/wp-json\/wp\/v2\/product_brand?post=75742"},{"taxonomy":"product_cat","embeddable":true,"href":"https:\/\/www.technodompro.com\/index.php\/wp-json\/wp\/v2\/product_cat?post=75742"},{"taxonomy":"product_tag","embeddable":true,"href":"https:\/\/www.technodompro.com\/index.php\/wp-json\/wp\/v2\/product_tag?post=75742"}],"curies":[{"name":"wp","href":"https:\/\/api.w.org\/{rel}","templated":true}]}}