{"id":79362,"date":"2026-04-27T04:44:10","date_gmt":"2026-04-27T04:44:10","guid":{"rendered":""},"modified":"2026-04-27T04:44:10","modified_gmt":"2026-04-27T04:44:10","slug":"vyprodej-ctvrtkruhova-sprchova-smc-vanicka-mexen-bert-90x90-cm-bila-4kr109090-79362","status":"publish","type":"product","link":"https:\/\/www.technodompro.com\/index.php\/produkt\/vyprodej-ctvrtkruhova-sprchova-smc-vanicka-mexen-bert-90x90-cm-bila-4kr109090-79362\/","title":{"rendered":"V\u00fdprodej \u010ctvrtkruhov\u00e1 sprchov\u00e1 SMC vani\u010dka MEXEN BERT 90&#215;90 cm &#8211; b\u00edl\u00e1, 4KR109090"},"content":{"rendered":"<div class=\"tabs__content-outer\" id=\"tab_description\" data-hash=\"description\" data-tabindex=\"-1\">\n<div class=\"tabs__content toggle_description\" id=\"content_description\">\n<div class=\"wysiwyg-content\">\n<div class=\"product__tab product__description full-width\">\n<div class=\"container\">\n<div >\n<h3>\u010ctvrtkruhov\u00e1 sprchov\u00e1 SMC vani\u010dka BERT 90&#215;90 cm &#8211; b\u00edl\u00e1<\/h3>\n<p><span style=\"font-family: verdana, geneva, sans-serif; font-size: 12pt;\">Sprchov\u00e1 vani\u010dka kolekce BERT je vyrobena z modern\u00edho\u00a0<strong>kompozitn\u00edho materi\u00e1lu SMC<\/strong>. Jedn\u00e1 se o sm\u011bs prysky\u0159ice, skeln\u00fdch vl\u00e1ken a miner\u00e1ln\u00edch plnidel, kter\u00e9 jsou za vysok\u00e9ho tlaku a teploty vytvrzov\u00e1ny. To jim dod\u00e1v\u00e1 <strong>vysokou pevnost<\/strong>, odolnost v\u016f\u010di po\u0161kr\u00e1b\u00e1n\u00ed i p\u0159esnost p\u0159i zachov\u00e1n\u00ed n\u00edzk\u00e9 hmotnosti.\u00a0<\/span><\/p>\n<p><span style=\"font-family: verdana, geneva, sans-serif; font-size: 12pt;\">Sv\u00fdm povrchov\u00fdm vzorem napodobuje kamennou vani\u010dku, ale nab\u00eddne vy\u0161\u0161\u00ed odolnost a ni\u017e\u0161\u00ed hmotnost. Vani\u010dku lze <strong>usadit p\u0159\u00edmo na podlahu nebo do maltov\u00e9 lo\u017ee<\/strong>, p\u0159\u00edpadn\u011b <strong>zapustit<\/strong> do roviny s podlahou.\u00a0<\/span><\/p>\n<p><span style=\"font-family: verdana, geneva, sans-serif; font-size: 12pt;\">Pou\u017eit\u00fd kvalitn\u00ed kompozit, s m\u0159\u00ed\u017ekovanou strukturou ze spodn\u00ed strany vani\u010dky, nab\u00edz\u00ed vysokou nosnost a\u017e 200 kg.<\/span><\/p>\n<p><span style=\"font-family: verdana, geneva, sans-serif; font-size: 12pt;\"><strong>Parametry<\/strong>:<\/span><\/p>\n<ul>\n<li style=\"font-family: verdana, geneva, sans-serif; font-size: 12pt;\"><span style=\"font-family: verdana, geneva, sans-serif; font-size: 12pt;\">materi\u00e1l: SMC kompozit\u00a0<\/span><\/li>\n<li style=\"font-family: verdana, geneva, sans-serif; font-size: 12pt;\"><span style=\"font-family: verdana, geneva, sans-serif; font-size: 12pt;\">v\u00fd\u0161ka: 3,2 cm\u00a0<\/span><\/li>\n<li style=\"font-family: verdana, geneva, sans-serif; font-size: 12pt;\"><span style=\"font-family: verdana, geneva, sans-serif; font-size: 12pt;\">pr\u016fm\u011br odtoku: 90 mm\u00a0<\/span><\/li>\n<li style=\"font-family: verdana, geneva, sans-serif; font-size: 12pt;\"><span style=\"font-family: verdana, geneva, sans-serif; font-size: 12pt;\">sifon sou\u010d\u00e1st\u00ed balen\u00ed\u00a0<\/span><\/li>\n<li style=\"font-family: verdana, geneva, sans-serif; font-size: 12pt;\"><span style=\"font-family: verdana, geneva, sans-serif; font-size: 12pt;\">krytka sifonu je sou\u010d\u00e1st\u00ed balen\u00ed\u00a0<\/span><\/li>\n<\/ul>\n<\/div><\/div>\n<\/p><\/div>\n<\/p><\/div>\n<\/p><\/div>\n","protected":false},"excerpt":{"rendered":"<p>\u010ctvrtkruhov\u00e1 sprchov\u00e1 SMC vani\u010dka BERT 90&#215;90 cm &#8211; b\u00edl\u00e1 Sprchov\u00e1 vani\u010dka kolekce BERT je vyrobena z modern\u00edho\u00a0kompozitn\u00edho materi\u00e1lu SMC. Jedn\u00e1 se o sm\u011bs prysky\u0159ice, skeln\u00fdch vl\u00e1ken a miner\u00e1ln\u00edch plnidel, kter\u00e9 jsou za vysok\u00e9ho tlaku a teploty vytvrzov\u00e1ny. To jim dod\u00e1v\u00e1 vysokou pevnost, odolnost v\u016f\u010di po\u0161kr\u00e1b\u00e1n\u00ed i p\u0159esnost p\u0159i zachov\u00e1n\u00ed n\u00edzk\u00e9 hmotnosti.\u00a0 Sv\u00fdm povrchov\u00fdm vzorem napodobuje [&hellip;]<\/p>\n","protected":false},"featured_media":79436,"comment_status":"open","ping_status":"open","template":"","meta":[],"product_brand":[],"product_cat":[77],"product_tag":[],"class_list":{"0":"post-79362","1":"product","2":"type-product","3":"status-publish","4":"has-post-thumbnail","6":"product_cat-koupelna","8":"first","9":"instock","10":"sale","11":"shipping-taxable","12":"purchasable","13":"product-type-simple"},"yoast_head":"<!-- This site is optimized with the Yoast SEO plugin v26.8 - https:\/\/yoast.com\/product\/yoast-seo-wordpress\/ -->\n<title>V\u00fdprodej \u010ctvrtkruhov\u00e1 sprchov\u00e1 SMC vani\u010dka MEXEN BERT 90x90 cm - b\u00edl\u00e1, 4KR109090 -<\/title>\n<meta name=\"robots\" content=\"index, follow, max-snippet:-1, max-image-preview:large, max-video-preview:-1\" \/>\n<link rel=\"canonical\" href=\"https:\/\/www.technodompro.com\/index.php\/produkt\/vyprodej-ctvrtkruhova-sprchova-smc-vanicka-mexen-bert-90x90-cm-bila-4kr109090-79362\/\" \/>\n<meta property=\"og:locale\" content=\"cs_CZ\" \/>\n<meta property=\"og:type\" content=\"article\" \/>\n<meta property=\"og:title\" content=\"V\u00fdprodej \u010ctvrtkruhov\u00e1 sprchov\u00e1 SMC vani\u010dka MEXEN BERT 90x90 cm - b\u00edl\u00e1, 4KR109090 -\" \/>\n<meta property=\"og:description\" content=\"\u010ctvrtkruhov\u00e1 sprchov\u00e1 SMC vani\u010dka BERT 90&#215;90 cm &#8211; b\u00edl\u00e1 Sprchov\u00e1 vani\u010dka kolekce BERT je vyrobena z modern\u00edho\u00a0kompozitn\u00edho materi\u00e1lu SMC. Jedn\u00e1 se o sm\u011bs prysky\u0159ice, skeln\u00fdch vl\u00e1ken a miner\u00e1ln\u00edch plnidel, kter\u00e9 jsou za vysok\u00e9ho tlaku a teploty vytvrzov\u00e1ny. To jim dod\u00e1v\u00e1 vysokou pevnost, odolnost v\u016f\u010di po\u0161kr\u00e1b\u00e1n\u00ed i p\u0159esnost p\u0159i zachov\u00e1n\u00ed n\u00edzk\u00e9 hmotnosti.\u00a0 Sv\u00fdm povrchov\u00fdm vzorem napodobuje [&hellip;]\" \/>\n<meta property=\"og:url\" content=\"https:\/\/www.technodompro.com\/index.php\/produkt\/vyprodej-ctvrtkruhova-sprchova-smc-vanicka-mexen-bert-90x90-cm-bila-4kr109090-79362\/\" \/>\n<meta property=\"og:image\" content=\"https:\/\/www.technodompro.com\/wp-content\/uploads\/2026\/SK0015506-CZ20260425-093041-0-1777080643-export_brpf-66.webp\" \/>\n\t<meta property=\"og:image:width\" content=\"1000\" \/>\n\t<meta property=\"og:image:height\" content=\"434\" \/>\n\t<meta property=\"og:image:type\" content=\"image\/webp\" \/>\n<meta name=\"twitter:card\" content=\"summary_large_image\" \/>\n<meta name=\"twitter:label1\" content=\"Odhadovan\u00e1 doba \u010dten\u00ed\" \/>\n\t<meta name=\"twitter:data1\" content=\"1 minuta\" \/>\n<script type=\"application\/ld+json\" class=\"yoast-schema-graph\">{\"@context\":\"https:\/\/schema.org\",\"@graph\":[{\"@type\":\"WebPage\",\"@id\":\"https:\/\/www.technodompro.com\/index.php\/produkt\/vyprodej-ctvrtkruhova-sprchova-smc-vanicka-mexen-bert-90x90-cm-bila-4kr109090-79362\/\",\"url\":\"https:\/\/www.technodompro.com\/index.php\/produkt\/vyprodej-ctvrtkruhova-sprchova-smc-vanicka-mexen-bert-90x90-cm-bila-4kr109090-79362\/\",\"name\":\"V\u00fdprodej \u010ctvrtkruhov\u00e1 sprchov\u00e1 SMC vani\u010dka MEXEN BERT 90x90 cm - b\u00edl\u00e1, 4KR109090 -\",\"isPartOf\":{\"@id\":\"https:\/\/www.technodompro.com\/#website\"},\"primaryImageOfPage\":{\"@id\":\"https:\/\/www.technodompro.com\/index.php\/produkt\/vyprodej-ctvrtkruhova-sprchova-smc-vanicka-mexen-bert-90x90-cm-bila-4kr109090-79362\/#primaryimage\"},\"image\":{\"@id\":\"https:\/\/www.technodompro.com\/index.php\/produkt\/vyprodej-ctvrtkruhova-sprchova-smc-vanicka-mexen-bert-90x90-cm-bila-4kr109090-79362\/#primaryimage\"},\"thumbnailUrl\":\"https:\/\/www.technodompro.com\/wp-content\/uploads\/2026\/SK0015506-CZ20260425-093041-0-1777080643-export_brpf-66.webp\",\"datePublished\":\"2026-04-27T04:44:10+00:00\",\"breadcrumb\":{\"@id\":\"https:\/\/www.technodompro.com\/index.php\/produkt\/vyprodej-ctvrtkruhova-sprchova-smc-vanicka-mexen-bert-90x90-cm-bila-4kr109090-79362\/#breadcrumb\"},\"inLanguage\":\"cs\",\"potentialAction\":[{\"@type\":\"ReadAction\",\"target\":[\"https:\/\/www.technodompro.com\/index.php\/produkt\/vyprodej-ctvrtkruhova-sprchova-smc-vanicka-mexen-bert-90x90-cm-bila-4kr109090-79362\/\"]}]},{\"@type\":\"ImageObject\",\"inLanguage\":\"cs\",\"@id\":\"https:\/\/www.technodompro.com\/index.php\/produkt\/vyprodej-ctvrtkruhova-sprchova-smc-vanicka-mexen-bert-90x90-cm-bila-4kr109090-79362\/#primaryimage\",\"url\":\"https:\/\/www.technodompro.com\/wp-content\/uploads\/2026\/SK0015506-CZ20260425-093041-0-1777080643-export_brpf-66.webp\",\"contentUrl\":\"https:\/\/www.technodompro.com\/wp-content\/uploads\/2026\/SK0015506-CZ20260425-093041-0-1777080643-export_brpf-66.webp\",\"width\":1000,\"height\":434},{\"@type\":\"BreadcrumbList\",\"@id\":\"https:\/\/www.technodompro.com\/index.php\/produkt\/vyprodej-ctvrtkruhova-sprchova-smc-vanicka-mexen-bert-90x90-cm-bila-4kr109090-79362\/#breadcrumb\",\"itemListElement\":[{\"@type\":\"ListItem\",\"position\":1,\"name\":\"Home\",\"item\":\"https:\/\/www.technodompro.com\/\"},{\"@type\":\"ListItem\",\"position\":2,\"name\":\"Products\",\"item\":\"https:\/\/www.technodompro.com\/index.php\/products\/\"},{\"@type\":\"ListItem\",\"position\":3,\"name\":\"V\u00fdprodej \u010ctvrtkruhov\u00e1 sprchov\u00e1 SMC vani\u010dka MEXEN BERT 90&#215;90 cm &#8211; b\u00edl\u00e1, 4KR109090\"}]},{\"@type\":\"WebSite\",\"@id\":\"https:\/\/www.technodompro.com\/#website\",\"url\":\"https:\/\/www.technodompro.com\/\",\"name\":\"\",\"description\":\"\",\"potentialAction\":[{\"@type\":\"SearchAction\",\"target\":{\"@type\":\"EntryPoint\",\"urlTemplate\":\"https:\/\/www.technodompro.com\/?s={search_term_string}\"},\"query-input\":{\"@type\":\"PropertyValueSpecification\",\"valueRequired\":true,\"valueName\":\"search_term_string\"}}],\"inLanguage\":\"cs\"}]}<\/script>\n<!-- \/ Yoast SEO plugin. -->","yoast_head_json":{"title":"V\u00fdprodej \u010ctvrtkruhov\u00e1 sprchov\u00e1 SMC vani\u010dka MEXEN BERT 90x90 cm - b\u00edl\u00e1, 4KR109090 -","robots":{"index":"index","follow":"follow","max-snippet":"max-snippet:-1","max-image-preview":"max-image-preview:large","max-video-preview":"max-video-preview:-1"},"canonical":"https:\/\/www.technodompro.com\/index.php\/produkt\/vyprodej-ctvrtkruhova-sprchova-smc-vanicka-mexen-bert-90x90-cm-bila-4kr109090-79362\/","og_locale":"cs_CZ","og_type":"article","og_title":"V\u00fdprodej \u010ctvrtkruhov\u00e1 sprchov\u00e1 SMC vani\u010dka MEXEN BERT 90x90 cm - b\u00edl\u00e1, 4KR109090 -","og_description":"\u010ctvrtkruhov\u00e1 sprchov\u00e1 SMC vani\u010dka BERT 90&#215;90 cm &#8211; b\u00edl\u00e1 Sprchov\u00e1 vani\u010dka kolekce BERT je vyrobena z modern\u00edho\u00a0kompozitn\u00edho materi\u00e1lu SMC. Jedn\u00e1 se o sm\u011bs prysky\u0159ice, skeln\u00fdch vl\u00e1ken a miner\u00e1ln\u00edch plnidel, kter\u00e9 jsou za vysok\u00e9ho tlaku a teploty vytvrzov\u00e1ny. To jim dod\u00e1v\u00e1 vysokou pevnost, odolnost v\u016f\u010di po\u0161kr\u00e1b\u00e1n\u00ed i p\u0159esnost p\u0159i zachov\u00e1n\u00ed n\u00edzk\u00e9 hmotnosti.\u00a0 Sv\u00fdm povrchov\u00fdm vzorem napodobuje [&hellip;]","og_url":"https:\/\/www.technodompro.com\/index.php\/produkt\/vyprodej-ctvrtkruhova-sprchova-smc-vanicka-mexen-bert-90x90-cm-bila-4kr109090-79362\/","og_image":[{"width":1000,"height":434,"url":"https:\/\/www.technodompro.com\/wp-content\/uploads\/2026\/SK0015506-CZ20260425-093041-0-1777080643-export_brpf-66.webp","type":"image\/webp"}],"twitter_card":"summary_large_image","twitter_misc":{"Odhadovan\u00e1 doba \u010dten\u00ed":"1 minuta"},"schema":{"@context":"https:\/\/schema.org","@graph":[{"@type":"WebPage","@id":"https:\/\/www.technodompro.com\/index.php\/produkt\/vyprodej-ctvrtkruhova-sprchova-smc-vanicka-mexen-bert-90x90-cm-bila-4kr109090-79362\/","url":"https:\/\/www.technodompro.com\/index.php\/produkt\/vyprodej-ctvrtkruhova-sprchova-smc-vanicka-mexen-bert-90x90-cm-bila-4kr109090-79362\/","name":"V\u00fdprodej \u010ctvrtkruhov\u00e1 sprchov\u00e1 SMC vani\u010dka MEXEN BERT 90x90 cm - b\u00edl\u00e1, 4KR109090 -","isPartOf":{"@id":"https:\/\/www.technodompro.com\/#website"},"primaryImageOfPage":{"@id":"https:\/\/www.technodompro.com\/index.php\/produkt\/vyprodej-ctvrtkruhova-sprchova-smc-vanicka-mexen-bert-90x90-cm-bila-4kr109090-79362\/#primaryimage"},"image":{"@id":"https:\/\/www.technodompro.com\/index.php\/produkt\/vyprodej-ctvrtkruhova-sprchova-smc-vanicka-mexen-bert-90x90-cm-bila-4kr109090-79362\/#primaryimage"},"thumbnailUrl":"https:\/\/www.technodompro.com\/wp-content\/uploads\/2026\/SK0015506-CZ20260425-093041-0-1777080643-export_brpf-66.webp","datePublished":"2026-04-27T04:44:10+00:00","breadcrumb":{"@id":"https:\/\/www.technodompro.com\/index.php\/produkt\/vyprodej-ctvrtkruhova-sprchova-smc-vanicka-mexen-bert-90x90-cm-bila-4kr109090-79362\/#breadcrumb"},"inLanguage":"cs","potentialAction":[{"@type":"ReadAction","target":["https:\/\/www.technodompro.com\/index.php\/produkt\/vyprodej-ctvrtkruhova-sprchova-smc-vanicka-mexen-bert-90x90-cm-bila-4kr109090-79362\/"]}]},{"@type":"ImageObject","inLanguage":"cs","@id":"https:\/\/www.technodompro.com\/index.php\/produkt\/vyprodej-ctvrtkruhova-sprchova-smc-vanicka-mexen-bert-90x90-cm-bila-4kr109090-79362\/#primaryimage","url":"https:\/\/www.technodompro.com\/wp-content\/uploads\/2026\/SK0015506-CZ20260425-093041-0-1777080643-export_brpf-66.webp","contentUrl":"https:\/\/www.technodompro.com\/wp-content\/uploads\/2026\/SK0015506-CZ20260425-093041-0-1777080643-export_brpf-66.webp","width":1000,"height":434},{"@type":"BreadcrumbList","@id":"https:\/\/www.technodompro.com\/index.php\/produkt\/vyprodej-ctvrtkruhova-sprchova-smc-vanicka-mexen-bert-90x90-cm-bila-4kr109090-79362\/#breadcrumb","itemListElement":[{"@type":"ListItem","position":1,"name":"Home","item":"https:\/\/www.technodompro.com\/"},{"@type":"ListItem","position":2,"name":"Products","item":"https:\/\/www.technodompro.com\/index.php\/products\/"},{"@type":"ListItem","position":3,"name":"V\u00fdprodej \u010ctvrtkruhov\u00e1 sprchov\u00e1 SMC vani\u010dka MEXEN BERT 90&#215;90 cm &#8211; b\u00edl\u00e1, 4KR109090"}]},{"@type":"WebSite","@id":"https:\/\/www.technodompro.com\/#website","url":"https:\/\/www.technodompro.com\/","name":"","description":"","potentialAction":[{"@type":"SearchAction","target":{"@type":"EntryPoint","urlTemplate":"https:\/\/www.technodompro.com\/?s={search_term_string}"},"query-input":{"@type":"PropertyValueSpecification","valueRequired":true,"valueName":"search_term_string"}}],"inLanguage":"cs"}]}},"_links":{"self":[{"href":"https:\/\/www.technodompro.com\/index.php\/wp-json\/wp\/v2\/product\/79362","targetHints":{"allow":["GET"]}}],"collection":[{"href":"https:\/\/www.technodompro.com\/index.php\/wp-json\/wp\/v2\/product"}],"about":[{"href":"https:\/\/www.technodompro.com\/index.php\/wp-json\/wp\/v2\/types\/product"}],"replies":[{"embeddable":true,"href":"https:\/\/www.technodompro.com\/index.php\/wp-json\/wp\/v2\/comments?post=79362"}],"wp:featuredmedia":[{"embeddable":true,"href":"https:\/\/www.technodompro.com\/index.php\/wp-json\/wp\/v2\/media\/79436"}],"wp:attachment":[{"href":"https:\/\/www.technodompro.com\/index.php\/wp-json\/wp\/v2\/media?parent=79362"}],"wp:term":[{"taxonomy":"product_brand","embeddable":true,"href":"https:\/\/www.technodompro.com\/index.php\/wp-json\/wp\/v2\/product_brand?post=79362"},{"taxonomy":"product_cat","embeddable":true,"href":"https:\/\/www.technodompro.com\/index.php\/wp-json\/wp\/v2\/product_cat?post=79362"},{"taxonomy":"product_tag","embeddable":true,"href":"https:\/\/www.technodompro.com\/index.php\/wp-json\/wp\/v2\/product_tag?post=79362"}],"curies":[{"name":"wp","href":"https:\/\/api.w.org\/{rel}","templated":true}]}}