{"id":8700,"date":"2026-04-27T04:40:49","date_gmt":"2026-04-27T04:40:49","guid":{"rendered":""},"modified":"2026-04-27T04:40:49","modified_gmt":"2026-04-27T04:40:49","slug":"aircraft-r-mobilni-kompresor-compact-air-221-10-e-hit-sezony-8700","status":"publish","type":"product","link":"https:\/\/www.technodompro.com\/index.php\/produkt\/aircraft-r-mobilni-kompresor-compact-air-221-10-e-hit-sezony-8700\/","title":{"rendered":"Aircraft\u00ae Mobiln\u00ed kompresor Compact-Air 221\/10 E Hit Sez\u00f3ny"},"content":{"rendered":"<table>\n<div class=\"tab-pane active product-description\" id=\"popis\" role=\"tabpanel\">\n<div class=\"short-description\" itemprop=\"description\"><\/div>\n<div class=\"description\"><span class='bullet-line'>Kvalitn\u00ed elektromotory s vysok\u00fdm to\u010div\u00fdm momentem a odleh\u010den\u00edm p\u0159i rozb\u011bhu<br \/><\/span><span class='bullet-line'>Tepeln\u00e1 ochrana chr\u00e1n\u00ed motor p\u0159ed p\u0159eh\u0159\u00e1t\u00edm a p\u0159et\u00ed\u017een\u00edm<br \/><\/span><span class='bullet-line'>Pln\u011b automatick\u00e9 zap\u00edn\u00e1n\u00ed a vyp\u00edn\u00e1n\u00ed<br \/><\/span><span class='bullet-line'>Se v\u0161emi bezpe\u010dnostn\u00edmi prvky<br \/><\/span><span class='bullet-line'>V\u0161echny d\u00edly ohro\u017een\u00e9 p\u0159i p\u0159eprav\u011b jsou optim\u00e1ln\u011b chr\u00e1n\u011bny<br \/><\/span><span class='bullet-line'>Cel\u00e1 \u00fapravn\u00e1 jednotka le\u017e\u00ed uvnit\u0159<br \/><\/span><span class='bullet-line'>Tlakov\u00e1 n\u00e1doba je chr\u00e1n\u011bna pr\u00e1\u0161kovou barvou<br \/><\/span><span class='bullet-line'>Gumov\u00e9 dr\u017eadlo pro jist\u00e9 dr\u017een\u00ed<br \/><\/span><span class='bullet-line'>Dodate\u010dn\u00e9 spodn\u00ed dr\u017eadlo umo\u017e\u0148uje pohodln\u00e9 p\u0159en\u00e1\u0161en\u00ed kompresoru ob\u011bma rukama<br \/><\/span> <\/p>\n<p> \u25bc Obsah balen\u00ed \u25bc<span class='bullet-line'>Regul\u00e1tor tlaku<br \/><\/span><span class='bullet-line'>Automatick\u00fd tlakov\u00fd sp\u00edna\u010d<br \/><\/span><span class='bullet-line'>Dva manometry<br \/><\/span> <br \/> \u25bc P\u0159\u00edslu\u0161enstv\u00ed \u25bc<br \/> 2500012 \/ 2500015<\/div>\n<div class=\"parameters\">\n<tr>\n<td>Max. provozn\u00ed tlak<\/td>\n<td>8 bar<\/td>\n<\/tr>\n<tr>\n<td>Kompresn\u00ed syst\u00e9m<\/td>\n<td>HOS<\/td>\n<\/tr>\n<tr>\n<td>Sac\u00ed v\u00fdkon<\/td>\n<td>185 l\/min<\/td>\n<\/tr>\n<tr>\n<td>Pln\u00edc\u00ed v\u00fdkon cca<\/td>\n<td>120 l\/min<\/td>\n<\/tr>\n<tr>\n<td>Objem tlakov\u00e9 n\u00e1doby<\/td>\n<td>10 l<\/td>\n<\/tr>\n<tr>\n<td>V\u00e1lce\/stupn\u011b<\/td>\n<td>1\/1<\/td>\n<\/tr>\n<tr>\n<td>Ot\u00e1\u010dky<\/td>\n<td>2850ot\/min<\/td>\n<\/tr>\n<tr>\n<td>P\u0159\u00edkon<\/td>\n<td>1,5 W<\/td>\n<\/tr>\n<tr>\n<td>Elektrick\u00e9 p\u0159ipojen\u00ed<\/td>\n<td>230 V<\/td>\n<\/tr>\n<tr>\n<td>Rozm\u011bry (\u0161 \u00d7 v \u00d7 h)<\/td>\n<td>410\u00d7650\u00d7340mm<\/td>\n<\/tr>\n<tr>\n<td>Hmotnost<\/td>\n<td>18 kg<\/td>\n<\/tr>\n<tr>\n<td>Hladina akustick\u00e9ho tlaku LPA (4 m)<\/td>\n<td>94 dB(A)<\/td>\n<\/tr><\/div>\n<\/table>\n","protected":false},"excerpt":{"rendered":"<p>Kvalitn\u00ed elektromotory s vysok\u00fdm to\u010div\u00fdm momentem a odleh\u010den\u00edm p\u0159i rozb\u011bhuTepeln\u00e1 ochrana chr\u00e1n\u00ed motor p\u0159ed p\u0159eh\u0159\u00e1t\u00edm a p\u0159et\u00ed\u017een\u00edmPln\u011b automatick\u00e9 zap\u00edn\u00e1n\u00ed a vyp\u00edn\u00e1n\u00edSe v\u0161emi bezpe\u010dnostn\u00edmi prvkyV\u0161echny d\u00edly ohro\u017een\u00e9 p\u0159i p\u0159eprav\u011b jsou optim\u00e1ln\u011b chr\u00e1n\u011bnyCel\u00e1 \u00fapravn\u00e1 jednotka le\u017e\u00ed uvnit\u0159Tlakov\u00e1 n\u00e1doba je chr\u00e1n\u011bna pr\u00e1\u0161kovou barvouGumov\u00e9 dr\u017eadlo pro jist\u00e9 dr\u017een\u00edDodate\u010dn\u00e9 spodn\u00ed dr\u017eadlo umo\u017e\u0148uje pohodln\u00e9 p\u0159en\u00e1\u0161en\u00ed kompresoru ob\u011bma rukama \u25bc Obsah balen\u00ed [&hellip;]<\/p>\n","protected":false},"featured_media":8800,"comment_status":"open","ping_status":"open","template":"","meta":[],"product_brand":[],"product_cat":[45],"product_tag":[],"class_list":{"0":"post-8700","1":"product","2":"type-product","3":"status-publish","4":"has-post-thumbnail","6":"product_cat-naradi","8":"first","9":"instock","10":"sale","11":"shipping-taxable","12":"purchasable","13":"product-type-simple"},"yoast_head":"<!-- This site is optimized with the Yoast SEO plugin v26.8 - https:\/\/yoast.com\/product\/yoast-seo-wordpress\/ -->\n<title>Aircraft\u00ae Mobiln\u00ed kompresor Compact-Air 221\/10 E Hit Sez\u00f3ny -<\/title>\n<meta name=\"robots\" content=\"index, follow, max-snippet:-1, max-image-preview:large, max-video-preview:-1\" \/>\n<link rel=\"canonical\" href=\"https:\/\/www.technodompro.com\/index.php\/produkt\/aircraft-r-mobilni-kompresor-compact-air-221-10-e-hit-sezony-8700\/\" \/>\n<meta property=\"og:locale\" content=\"cs_CZ\" \/>\n<meta property=\"og:type\" content=\"article\" \/>\n<meta property=\"og:title\" content=\"Aircraft\u00ae Mobiln\u00ed kompresor Compact-Air 221\/10 E Hit Sez\u00f3ny -\" \/>\n<meta property=\"og:description\" content=\"Kvalitn\u00ed elektromotory s vysok\u00fdm to\u010div\u00fdm momentem a odleh\u010den\u00edm p\u0159i rozb\u011bhuTepeln\u00e1 ochrana chr\u00e1n\u00ed motor p\u0159ed p\u0159eh\u0159\u00e1t\u00edm a p\u0159et\u00ed\u017een\u00edmPln\u011b automatick\u00e9 zap\u00edn\u00e1n\u00ed a vyp\u00edn\u00e1n\u00edSe v\u0161emi bezpe\u010dnostn\u00edmi prvkyV\u0161echny d\u00edly ohro\u017een\u00e9 p\u0159i p\u0159eprav\u011b jsou optim\u00e1ln\u011b chr\u00e1n\u011bnyCel\u00e1 \u00fapravn\u00e1 jednotka le\u017e\u00ed uvnit\u0159Tlakov\u00e1 n\u00e1doba je chr\u00e1n\u011bna pr\u00e1\u0161kovou barvouGumov\u00e9 dr\u017eadlo pro jist\u00e9 dr\u017een\u00edDodate\u010dn\u00e9 spodn\u00ed dr\u017eadlo umo\u017e\u0148uje pohodln\u00e9 p\u0159en\u00e1\u0161en\u00ed kompresoru ob\u011bma rukama \u25bc Obsah balen\u00ed [&hellip;]\" \/>\n<meta property=\"og:url\" content=\"https:\/\/www.technodompro.com\/index.php\/produkt\/aircraft-r-mobilni-kompresor-compact-air-221-10-e-hit-sezony-8700\/\" \/>\n<meta property=\"og:image\" content=\"https:\/\/www.technodompro.com\/wp-content\/uploads\/2026\/SK0014151-CZ20260425-092328-0-1777080210-2005220-2.webp\" \/>\n\t<meta property=\"og:image:width\" content=\"394\" \/>\n\t<meta property=\"og:image:height\" content=\"600\" \/>\n\t<meta property=\"og:image:type\" content=\"image\/webp\" \/>\n<meta name=\"twitter:card\" content=\"summary_large_image\" \/>\n<meta name=\"twitter:label1\" content=\"Odhadovan\u00e1 doba \u010dten\u00ed\" \/>\n\t<meta name=\"twitter:data1\" content=\"1 minuta\" \/>\n<script type=\"application\/ld+json\" class=\"yoast-schema-graph\">{\"@context\":\"https:\/\/schema.org\",\"@graph\":[{\"@type\":\"WebPage\",\"@id\":\"https:\/\/www.technodompro.com\/index.php\/produkt\/aircraft-r-mobilni-kompresor-compact-air-221-10-e-hit-sezony-8700\/\",\"url\":\"https:\/\/www.technodompro.com\/index.php\/produkt\/aircraft-r-mobilni-kompresor-compact-air-221-10-e-hit-sezony-8700\/\",\"name\":\"Aircraft\u00ae Mobiln\u00ed kompresor Compact-Air 221\/10 E Hit Sez\u00f3ny -\",\"isPartOf\":{\"@id\":\"https:\/\/www.technodompro.com\/#website\"},\"primaryImageOfPage\":{\"@id\":\"https:\/\/www.technodompro.com\/index.php\/produkt\/aircraft-r-mobilni-kompresor-compact-air-221-10-e-hit-sezony-8700\/#primaryimage\"},\"image\":{\"@id\":\"https:\/\/www.technodompro.com\/index.php\/produkt\/aircraft-r-mobilni-kompresor-compact-air-221-10-e-hit-sezony-8700\/#primaryimage\"},\"thumbnailUrl\":\"https:\/\/www.technodompro.com\/wp-content\/uploads\/2026\/SK0014151-CZ20260425-092328-0-1777080210-2005220-2.webp\",\"datePublished\":\"2026-04-27T04:40:49+00:00\",\"breadcrumb\":{\"@id\":\"https:\/\/www.technodompro.com\/index.php\/produkt\/aircraft-r-mobilni-kompresor-compact-air-221-10-e-hit-sezony-8700\/#breadcrumb\"},\"inLanguage\":\"cs\",\"potentialAction\":[{\"@type\":\"ReadAction\",\"target\":[\"https:\/\/www.technodompro.com\/index.php\/produkt\/aircraft-r-mobilni-kompresor-compact-air-221-10-e-hit-sezony-8700\/\"]}]},{\"@type\":\"ImageObject\",\"inLanguage\":\"cs\",\"@id\":\"https:\/\/www.technodompro.com\/index.php\/produkt\/aircraft-r-mobilni-kompresor-compact-air-221-10-e-hit-sezony-8700\/#primaryimage\",\"url\":\"https:\/\/www.technodompro.com\/wp-content\/uploads\/2026\/SK0014151-CZ20260425-092328-0-1777080210-2005220-2.webp\",\"contentUrl\":\"https:\/\/www.technodompro.com\/wp-content\/uploads\/2026\/SK0014151-CZ20260425-092328-0-1777080210-2005220-2.webp\",\"width\":394,\"height\":600},{\"@type\":\"BreadcrumbList\",\"@id\":\"https:\/\/www.technodompro.com\/index.php\/produkt\/aircraft-r-mobilni-kompresor-compact-air-221-10-e-hit-sezony-8700\/#breadcrumb\",\"itemListElement\":[{\"@type\":\"ListItem\",\"position\":1,\"name\":\"Home\",\"item\":\"https:\/\/www.technodompro.com\/\"},{\"@type\":\"ListItem\",\"position\":2,\"name\":\"Products\",\"item\":\"https:\/\/www.technodompro.com\/index.php\/products\/\"},{\"@type\":\"ListItem\",\"position\":3,\"name\":\"Aircraft\u00ae Mobiln\u00ed kompresor Compact-Air 221\/10 E Hit Sez\u00f3ny\"}]},{\"@type\":\"WebSite\",\"@id\":\"https:\/\/www.technodompro.com\/#website\",\"url\":\"https:\/\/www.technodompro.com\/\",\"name\":\"\",\"description\":\"\",\"potentialAction\":[{\"@type\":\"SearchAction\",\"target\":{\"@type\":\"EntryPoint\",\"urlTemplate\":\"https:\/\/www.technodompro.com\/?s={search_term_string}\"},\"query-input\":{\"@type\":\"PropertyValueSpecification\",\"valueRequired\":true,\"valueName\":\"search_term_string\"}}],\"inLanguage\":\"cs\"}]}<\/script>\n<!-- \/ Yoast SEO plugin. -->","yoast_head_json":{"title":"Aircraft\u00ae Mobiln\u00ed kompresor Compact-Air 221\/10 E Hit Sez\u00f3ny -","robots":{"index":"index","follow":"follow","max-snippet":"max-snippet:-1","max-image-preview":"max-image-preview:large","max-video-preview":"max-video-preview:-1"},"canonical":"https:\/\/www.technodompro.com\/index.php\/produkt\/aircraft-r-mobilni-kompresor-compact-air-221-10-e-hit-sezony-8700\/","og_locale":"cs_CZ","og_type":"article","og_title":"Aircraft\u00ae Mobiln\u00ed kompresor Compact-Air 221\/10 E Hit Sez\u00f3ny -","og_description":"Kvalitn\u00ed elektromotory s vysok\u00fdm to\u010div\u00fdm momentem a odleh\u010den\u00edm p\u0159i rozb\u011bhuTepeln\u00e1 ochrana chr\u00e1n\u00ed motor p\u0159ed p\u0159eh\u0159\u00e1t\u00edm a p\u0159et\u00ed\u017een\u00edmPln\u011b automatick\u00e9 zap\u00edn\u00e1n\u00ed a vyp\u00edn\u00e1n\u00edSe v\u0161emi bezpe\u010dnostn\u00edmi prvkyV\u0161echny d\u00edly ohro\u017een\u00e9 p\u0159i p\u0159eprav\u011b jsou optim\u00e1ln\u011b chr\u00e1n\u011bnyCel\u00e1 \u00fapravn\u00e1 jednotka le\u017e\u00ed uvnit\u0159Tlakov\u00e1 n\u00e1doba je chr\u00e1n\u011bna pr\u00e1\u0161kovou barvouGumov\u00e9 dr\u017eadlo pro jist\u00e9 dr\u017een\u00edDodate\u010dn\u00e9 spodn\u00ed dr\u017eadlo umo\u017e\u0148uje pohodln\u00e9 p\u0159en\u00e1\u0161en\u00ed kompresoru ob\u011bma rukama \u25bc Obsah balen\u00ed [&hellip;]","og_url":"https:\/\/www.technodompro.com\/index.php\/produkt\/aircraft-r-mobilni-kompresor-compact-air-221-10-e-hit-sezony-8700\/","og_image":[{"width":394,"height":600,"url":"https:\/\/www.technodompro.com\/wp-content\/uploads\/2026\/SK0014151-CZ20260425-092328-0-1777080210-2005220-2.webp","type":"image\/webp"}],"twitter_card":"summary_large_image","twitter_misc":{"Odhadovan\u00e1 doba \u010dten\u00ed":"1 minuta"},"schema":{"@context":"https:\/\/schema.org","@graph":[{"@type":"WebPage","@id":"https:\/\/www.technodompro.com\/index.php\/produkt\/aircraft-r-mobilni-kompresor-compact-air-221-10-e-hit-sezony-8700\/","url":"https:\/\/www.technodompro.com\/index.php\/produkt\/aircraft-r-mobilni-kompresor-compact-air-221-10-e-hit-sezony-8700\/","name":"Aircraft\u00ae Mobiln\u00ed kompresor Compact-Air 221\/10 E Hit Sez\u00f3ny -","isPartOf":{"@id":"https:\/\/www.technodompro.com\/#website"},"primaryImageOfPage":{"@id":"https:\/\/www.technodompro.com\/index.php\/produkt\/aircraft-r-mobilni-kompresor-compact-air-221-10-e-hit-sezony-8700\/#primaryimage"},"image":{"@id":"https:\/\/www.technodompro.com\/index.php\/produkt\/aircraft-r-mobilni-kompresor-compact-air-221-10-e-hit-sezony-8700\/#primaryimage"},"thumbnailUrl":"https:\/\/www.technodompro.com\/wp-content\/uploads\/2026\/SK0014151-CZ20260425-092328-0-1777080210-2005220-2.webp","datePublished":"2026-04-27T04:40:49+00:00","breadcrumb":{"@id":"https:\/\/www.technodompro.com\/index.php\/produkt\/aircraft-r-mobilni-kompresor-compact-air-221-10-e-hit-sezony-8700\/#breadcrumb"},"inLanguage":"cs","potentialAction":[{"@type":"ReadAction","target":["https:\/\/www.technodompro.com\/index.php\/produkt\/aircraft-r-mobilni-kompresor-compact-air-221-10-e-hit-sezony-8700\/"]}]},{"@type":"ImageObject","inLanguage":"cs","@id":"https:\/\/www.technodompro.com\/index.php\/produkt\/aircraft-r-mobilni-kompresor-compact-air-221-10-e-hit-sezony-8700\/#primaryimage","url":"https:\/\/www.technodompro.com\/wp-content\/uploads\/2026\/SK0014151-CZ20260425-092328-0-1777080210-2005220-2.webp","contentUrl":"https:\/\/www.technodompro.com\/wp-content\/uploads\/2026\/SK0014151-CZ20260425-092328-0-1777080210-2005220-2.webp","width":394,"height":600},{"@type":"BreadcrumbList","@id":"https:\/\/www.technodompro.com\/index.php\/produkt\/aircraft-r-mobilni-kompresor-compact-air-221-10-e-hit-sezony-8700\/#breadcrumb","itemListElement":[{"@type":"ListItem","position":1,"name":"Home","item":"https:\/\/www.technodompro.com\/"},{"@type":"ListItem","position":2,"name":"Products","item":"https:\/\/www.technodompro.com\/index.php\/products\/"},{"@type":"ListItem","position":3,"name":"Aircraft\u00ae Mobiln\u00ed kompresor Compact-Air 221\/10 E Hit Sez\u00f3ny"}]},{"@type":"WebSite","@id":"https:\/\/www.technodompro.com\/#website","url":"https:\/\/www.technodompro.com\/","name":"","description":"","potentialAction":[{"@type":"SearchAction","target":{"@type":"EntryPoint","urlTemplate":"https:\/\/www.technodompro.com\/?s={search_term_string}"},"query-input":{"@type":"PropertyValueSpecification","valueRequired":true,"valueName":"search_term_string"}}],"inLanguage":"cs"}]}},"_links":{"self":[{"href":"https:\/\/www.technodompro.com\/index.php\/wp-json\/wp\/v2\/product\/8700","targetHints":{"allow":["GET"]}}],"collection":[{"href":"https:\/\/www.technodompro.com\/index.php\/wp-json\/wp\/v2\/product"}],"about":[{"href":"https:\/\/www.technodompro.com\/index.php\/wp-json\/wp\/v2\/types\/product"}],"replies":[{"embeddable":true,"href":"https:\/\/www.technodompro.com\/index.php\/wp-json\/wp\/v2\/comments?post=8700"}],"wp:featuredmedia":[{"embeddable":true,"href":"https:\/\/www.technodompro.com\/index.php\/wp-json\/wp\/v2\/media\/8800"}],"wp:attachment":[{"href":"https:\/\/www.technodompro.com\/index.php\/wp-json\/wp\/v2\/media?parent=8700"}],"wp:term":[{"taxonomy":"product_brand","embeddable":true,"href":"https:\/\/www.technodompro.com\/index.php\/wp-json\/wp\/v2\/product_brand?post=8700"},{"taxonomy":"product_cat","embeddable":true,"href":"https:\/\/www.technodompro.com\/index.php\/wp-json\/wp\/v2\/product_cat?post=8700"},{"taxonomy":"product_tag","embeddable":true,"href":"https:\/\/www.technodompro.com\/index.php\/wp-json\/wp\/v2\/product_tag?post=8700"}],"curies":[{"name":"wp","href":"https:\/\/api.w.org\/{rel}","templated":true}]}}