{"id":8713,"date":"2026-04-27T04:40:49","date_gmt":"2026-04-27T04:40:49","guid":{"rendered":""},"modified":"2026-04-27T04:40:49","modified_gmt":"2026-04-27T04:40:49","slug":"aircraft-r-prumyslova-uhlova-bruska-iws-125-pro-nejlepsi-cena-8713","status":"publish","type":"product","link":"https:\/\/www.technodompro.com\/index.php\/produkt\/aircraft-r-prumyslova-uhlova-bruska-iws-125-pro-nejlepsi-cena-8713\/","title":{"rendered":"Aircraft\u00ae Pr\u016fmyslov\u00e1 \u00fahlov\u00e1 bruska IWS 125 PRO Nejlep\u0161\u00ed Cena"},"content":{"rendered":"<table>\n<div class=\"tab-pane active product-description\" id=\"popis\" role=\"tabpanel\">\n<div class=\"short-description\" itemprop=\"description\"><\/div>\n<div class=\"description\"><span class='bullet-line'>Robustn\u00ed \u00fahlov\u00e1 bruska<br \/><\/span><span class='bullet-line'>Ergonomick\u00e1 protiskluzov\u00e1 a antivibra\u010dn\u00ed rukoje\u0165<br \/><\/span><span class='bullet-line'>Bezpe\u010dnostn\u00ed p\u00e1ka proti necht\u011bn\u00e9mu spu\u0161t\u011bn\u00ed<br \/><\/span><span class='bullet-line'>Praktick\u00fd oto\u010dn\u00fd ochrann\u00fd kryt kotou\u010de<br \/><\/span><span class='bullet-line'>Regul\u00e1tor pr\u016ftoku vzduch na dr\u017eadle<br \/><\/span><span class='bullet-line'>Rychloup\u00ednac\u00ed matice k p\u0159ipevn\u011bn\u00ed brusn\u00e9ho kotou\u010de<br \/><\/span><span class='bullet-line'>Odpadn\u00ed vzduch je odv\u00e1d\u011bn zadem pomoc\u00ed hadice tlum\u00edc\u00ed hluk<br \/><\/span><span class='bullet-line'>Pracovn\u00ed tlak max. 6,3 bar<\/span><\/div>\n<div class=\"parameters\">\n<tr>\n<td>Max. provozn\u00ed tlak<\/td>\n<td>6,3 bar<\/td>\n<\/tr>\n<tr>\n<td>Spot\u0159eba vzduchu<\/td>\n<td>742 l\/min<\/td>\n<\/tr>\n<tr>\n<td>Pr\u016fm\u011br brusn\u00e9ho kotou\u010de<\/td>\n<td>125 mm<\/td>\n<\/tr>\n<tr>\n<td>Ot\u00e1\u010dky<\/td>\n<td>10000ot\/min<\/td>\n<\/tr>\n<tr>\n<td>Hmotnost<\/td>\n<td>2 kg<\/td>\n<\/tr><\/div>\n<\/table>\n","protected":false},"excerpt":{"rendered":"<p>Robustn\u00ed \u00fahlov\u00e1 bruskaErgonomick\u00e1 protiskluzov\u00e1 a antivibra\u010dn\u00ed rukoje\u0165Bezpe\u010dnostn\u00ed p\u00e1ka proti necht\u011bn\u00e9mu spu\u0161t\u011bn\u00edPraktick\u00fd oto\u010dn\u00fd ochrann\u00fd kryt kotou\u010deRegul\u00e1tor pr\u016ftoku vzduch na dr\u017eadleRychloup\u00ednac\u00ed matice k p\u0159ipevn\u011bn\u00ed brusn\u00e9ho kotou\u010deOdpadn\u00ed vzduch je odv\u00e1d\u011bn zadem pomoc\u00ed hadice tlum\u00edc\u00ed hlukPracovn\u00ed tlak max. 6,3 bar Max. provozn\u00ed tlak 6,3 bar Spot\u0159eba vzduchu 742 l\/min Pr\u016fm\u011br brusn\u00e9ho kotou\u010de 125 mm Ot\u00e1\u010dky 10000ot\/min Hmotnost 2 kg<\/p>\n","protected":false},"featured_media":8813,"comment_status":"open","ping_status":"open","template":"","meta":[],"product_brand":[],"product_cat":[45],"product_tag":[],"class_list":{"0":"post-8713","1":"product","2":"type-product","3":"status-publish","4":"has-post-thumbnail","6":"product_cat-naradi","8":"first","9":"instock","10":"sale","11":"shipping-taxable","12":"purchasable","13":"product-type-simple"},"yoast_head":"<!-- This site is optimized with the Yoast SEO plugin v26.8 - https:\/\/yoast.com\/product\/yoast-seo-wordpress\/ -->\n<title>Aircraft\u00ae Pr\u016fmyslov\u00e1 \u00fahlov\u00e1 bruska IWS 125 PRO Nejlep\u0161\u00ed Cena -<\/title>\n<meta name=\"robots\" content=\"index, follow, max-snippet:-1, max-image-preview:large, max-video-preview:-1\" \/>\n<link rel=\"canonical\" href=\"https:\/\/www.technodompro.com\/index.php\/produkt\/aircraft-r-prumyslova-uhlova-bruska-iws-125-pro-nejlepsi-cena-8713\/\" \/>\n<meta property=\"og:locale\" content=\"cs_CZ\" \/>\n<meta property=\"og:type\" content=\"article\" \/>\n<meta property=\"og:title\" content=\"Aircraft\u00ae Pr\u016fmyslov\u00e1 \u00fahlov\u00e1 bruska IWS 125 PRO Nejlep\u0161\u00ed Cena -\" \/>\n<meta property=\"og:description\" content=\"Robustn\u00ed \u00fahlov\u00e1 bruskaErgonomick\u00e1 protiskluzov\u00e1 a antivibra\u010dn\u00ed rukoje\u0165Bezpe\u010dnostn\u00ed p\u00e1ka proti necht\u011bn\u00e9mu spu\u0161t\u011bn\u00edPraktick\u00fd oto\u010dn\u00fd ochrann\u00fd kryt kotou\u010deRegul\u00e1tor pr\u016ftoku vzduch na dr\u017eadleRychloup\u00ednac\u00ed matice k p\u0159ipevn\u011bn\u00ed brusn\u00e9ho kotou\u010deOdpadn\u00ed vzduch je odv\u00e1d\u011bn zadem pomoc\u00ed hadice tlum\u00edc\u00ed hlukPracovn\u00ed tlak max. 6,3 bar Max. provozn\u00ed tlak 6,3 bar Spot\u0159eba vzduchu 742 l\/min Pr\u016fm\u011br brusn\u00e9ho kotou\u010de 125 mm Ot\u00e1\u010dky 10000ot\/min Hmotnost 2 kg\" \/>\n<meta property=\"og:url\" content=\"https:\/\/www.technodompro.com\/index.php\/produkt\/aircraft-r-prumyslova-uhlova-bruska-iws-125-pro-nejlepsi-cena-8713\/\" \/>\n<meta property=\"og:image\" content=\"https:\/\/www.technodompro.com\/wp-content\/uploads\/2026\/SK0014182-CZ20260425-092328-0-1777080210-2403480-1.webp\" \/>\n\t<meta property=\"og:image:width\" content=\"520\" \/>\n\t<meta property=\"og:image:height\" content=\"284\" \/>\n\t<meta property=\"og:image:type\" content=\"image\/webp\" \/>\n<meta name=\"twitter:card\" content=\"summary_large_image\" \/>\n<script type=\"application\/ld+json\" class=\"yoast-schema-graph\">{\"@context\":\"https:\/\/schema.org\",\"@graph\":[{\"@type\":\"WebPage\",\"@id\":\"https:\/\/www.technodompro.com\/index.php\/produkt\/aircraft-r-prumyslova-uhlova-bruska-iws-125-pro-nejlepsi-cena-8713\/\",\"url\":\"https:\/\/www.technodompro.com\/index.php\/produkt\/aircraft-r-prumyslova-uhlova-bruska-iws-125-pro-nejlepsi-cena-8713\/\",\"name\":\"Aircraft\u00ae Pr\u016fmyslov\u00e1 \u00fahlov\u00e1 bruska IWS 125 PRO Nejlep\u0161\u00ed Cena -\",\"isPartOf\":{\"@id\":\"https:\/\/www.technodompro.com\/#website\"},\"primaryImageOfPage\":{\"@id\":\"https:\/\/www.technodompro.com\/index.php\/produkt\/aircraft-r-prumyslova-uhlova-bruska-iws-125-pro-nejlepsi-cena-8713\/#primaryimage\"},\"image\":{\"@id\":\"https:\/\/www.technodompro.com\/index.php\/produkt\/aircraft-r-prumyslova-uhlova-bruska-iws-125-pro-nejlepsi-cena-8713\/#primaryimage\"},\"thumbnailUrl\":\"https:\/\/www.technodompro.com\/wp-content\/uploads\/2026\/SK0014182-CZ20260425-092328-0-1777080210-2403480-1.webp\",\"datePublished\":\"2026-04-27T04:40:49+00:00\",\"breadcrumb\":{\"@id\":\"https:\/\/www.technodompro.com\/index.php\/produkt\/aircraft-r-prumyslova-uhlova-bruska-iws-125-pro-nejlepsi-cena-8713\/#breadcrumb\"},\"inLanguage\":\"cs\",\"potentialAction\":[{\"@type\":\"ReadAction\",\"target\":[\"https:\/\/www.technodompro.com\/index.php\/produkt\/aircraft-r-prumyslova-uhlova-bruska-iws-125-pro-nejlepsi-cena-8713\/\"]}]},{\"@type\":\"ImageObject\",\"inLanguage\":\"cs\",\"@id\":\"https:\/\/www.technodompro.com\/index.php\/produkt\/aircraft-r-prumyslova-uhlova-bruska-iws-125-pro-nejlepsi-cena-8713\/#primaryimage\",\"url\":\"https:\/\/www.technodompro.com\/wp-content\/uploads\/2026\/SK0014182-CZ20260425-092328-0-1777080210-2403480-1.webp\",\"contentUrl\":\"https:\/\/www.technodompro.com\/wp-content\/uploads\/2026\/SK0014182-CZ20260425-092328-0-1777080210-2403480-1.webp\",\"width\":520,\"height\":284},{\"@type\":\"BreadcrumbList\",\"@id\":\"https:\/\/www.technodompro.com\/index.php\/produkt\/aircraft-r-prumyslova-uhlova-bruska-iws-125-pro-nejlepsi-cena-8713\/#breadcrumb\",\"itemListElement\":[{\"@type\":\"ListItem\",\"position\":1,\"name\":\"Home\",\"item\":\"https:\/\/www.technodompro.com\/\"},{\"@type\":\"ListItem\",\"position\":2,\"name\":\"Products\",\"item\":\"https:\/\/www.technodompro.com\/index.php\/products\/\"},{\"@type\":\"ListItem\",\"position\":3,\"name\":\"Aircraft\u00ae Pr\u016fmyslov\u00e1 \u00fahlov\u00e1 bruska IWS 125 PRO Nejlep\u0161\u00ed Cena\"}]},{\"@type\":\"WebSite\",\"@id\":\"https:\/\/www.technodompro.com\/#website\",\"url\":\"https:\/\/www.technodompro.com\/\",\"name\":\"\",\"description\":\"\",\"potentialAction\":[{\"@type\":\"SearchAction\",\"target\":{\"@type\":\"EntryPoint\",\"urlTemplate\":\"https:\/\/www.technodompro.com\/?s={search_term_string}\"},\"query-input\":{\"@type\":\"PropertyValueSpecification\",\"valueRequired\":true,\"valueName\":\"search_term_string\"}}],\"inLanguage\":\"cs\"}]}<\/script>\n<!-- \/ Yoast SEO plugin. -->","yoast_head_json":{"title":"Aircraft\u00ae Pr\u016fmyslov\u00e1 \u00fahlov\u00e1 bruska IWS 125 PRO Nejlep\u0161\u00ed Cena -","robots":{"index":"index","follow":"follow","max-snippet":"max-snippet:-1","max-image-preview":"max-image-preview:large","max-video-preview":"max-video-preview:-1"},"canonical":"https:\/\/www.technodompro.com\/index.php\/produkt\/aircraft-r-prumyslova-uhlova-bruska-iws-125-pro-nejlepsi-cena-8713\/","og_locale":"cs_CZ","og_type":"article","og_title":"Aircraft\u00ae Pr\u016fmyslov\u00e1 \u00fahlov\u00e1 bruska IWS 125 PRO Nejlep\u0161\u00ed Cena -","og_description":"Robustn\u00ed \u00fahlov\u00e1 bruskaErgonomick\u00e1 protiskluzov\u00e1 a antivibra\u010dn\u00ed rukoje\u0165Bezpe\u010dnostn\u00ed p\u00e1ka proti necht\u011bn\u00e9mu spu\u0161t\u011bn\u00edPraktick\u00fd oto\u010dn\u00fd ochrann\u00fd kryt kotou\u010deRegul\u00e1tor pr\u016ftoku vzduch na dr\u017eadleRychloup\u00ednac\u00ed matice k p\u0159ipevn\u011bn\u00ed brusn\u00e9ho kotou\u010deOdpadn\u00ed vzduch je odv\u00e1d\u011bn zadem pomoc\u00ed hadice tlum\u00edc\u00ed hlukPracovn\u00ed tlak max. 6,3 bar Max. provozn\u00ed tlak 6,3 bar Spot\u0159eba vzduchu 742 l\/min Pr\u016fm\u011br brusn\u00e9ho kotou\u010de 125 mm Ot\u00e1\u010dky 10000ot\/min Hmotnost 2 kg","og_url":"https:\/\/www.technodompro.com\/index.php\/produkt\/aircraft-r-prumyslova-uhlova-bruska-iws-125-pro-nejlepsi-cena-8713\/","og_image":[{"width":520,"height":284,"url":"https:\/\/www.technodompro.com\/wp-content\/uploads\/2026\/SK0014182-CZ20260425-092328-0-1777080210-2403480-1.webp","type":"image\/webp"}],"twitter_card":"summary_large_image","schema":{"@context":"https:\/\/schema.org","@graph":[{"@type":"WebPage","@id":"https:\/\/www.technodompro.com\/index.php\/produkt\/aircraft-r-prumyslova-uhlova-bruska-iws-125-pro-nejlepsi-cena-8713\/","url":"https:\/\/www.technodompro.com\/index.php\/produkt\/aircraft-r-prumyslova-uhlova-bruska-iws-125-pro-nejlepsi-cena-8713\/","name":"Aircraft\u00ae Pr\u016fmyslov\u00e1 \u00fahlov\u00e1 bruska IWS 125 PRO Nejlep\u0161\u00ed Cena -","isPartOf":{"@id":"https:\/\/www.technodompro.com\/#website"},"primaryImageOfPage":{"@id":"https:\/\/www.technodompro.com\/index.php\/produkt\/aircraft-r-prumyslova-uhlova-bruska-iws-125-pro-nejlepsi-cena-8713\/#primaryimage"},"image":{"@id":"https:\/\/www.technodompro.com\/index.php\/produkt\/aircraft-r-prumyslova-uhlova-bruska-iws-125-pro-nejlepsi-cena-8713\/#primaryimage"},"thumbnailUrl":"https:\/\/www.technodompro.com\/wp-content\/uploads\/2026\/SK0014182-CZ20260425-092328-0-1777080210-2403480-1.webp","datePublished":"2026-04-27T04:40:49+00:00","breadcrumb":{"@id":"https:\/\/www.technodompro.com\/index.php\/produkt\/aircraft-r-prumyslova-uhlova-bruska-iws-125-pro-nejlepsi-cena-8713\/#breadcrumb"},"inLanguage":"cs","potentialAction":[{"@type":"ReadAction","target":["https:\/\/www.technodompro.com\/index.php\/produkt\/aircraft-r-prumyslova-uhlova-bruska-iws-125-pro-nejlepsi-cena-8713\/"]}]},{"@type":"ImageObject","inLanguage":"cs","@id":"https:\/\/www.technodompro.com\/index.php\/produkt\/aircraft-r-prumyslova-uhlova-bruska-iws-125-pro-nejlepsi-cena-8713\/#primaryimage","url":"https:\/\/www.technodompro.com\/wp-content\/uploads\/2026\/SK0014182-CZ20260425-092328-0-1777080210-2403480-1.webp","contentUrl":"https:\/\/www.technodompro.com\/wp-content\/uploads\/2026\/SK0014182-CZ20260425-092328-0-1777080210-2403480-1.webp","width":520,"height":284},{"@type":"BreadcrumbList","@id":"https:\/\/www.technodompro.com\/index.php\/produkt\/aircraft-r-prumyslova-uhlova-bruska-iws-125-pro-nejlepsi-cena-8713\/#breadcrumb","itemListElement":[{"@type":"ListItem","position":1,"name":"Home","item":"https:\/\/www.technodompro.com\/"},{"@type":"ListItem","position":2,"name":"Products","item":"https:\/\/www.technodompro.com\/index.php\/products\/"},{"@type":"ListItem","position":3,"name":"Aircraft\u00ae Pr\u016fmyslov\u00e1 \u00fahlov\u00e1 bruska IWS 125 PRO Nejlep\u0161\u00ed Cena"}]},{"@type":"WebSite","@id":"https:\/\/www.technodompro.com\/#website","url":"https:\/\/www.technodompro.com\/","name":"","description":"","potentialAction":[{"@type":"SearchAction","target":{"@type":"EntryPoint","urlTemplate":"https:\/\/www.technodompro.com\/?s={search_term_string}"},"query-input":{"@type":"PropertyValueSpecification","valueRequired":true,"valueName":"search_term_string"}}],"inLanguage":"cs"}]}},"_links":{"self":[{"href":"https:\/\/www.technodompro.com\/index.php\/wp-json\/wp\/v2\/product\/8713","targetHints":{"allow":["GET"]}}],"collection":[{"href":"https:\/\/www.technodompro.com\/index.php\/wp-json\/wp\/v2\/product"}],"about":[{"href":"https:\/\/www.technodompro.com\/index.php\/wp-json\/wp\/v2\/types\/product"}],"replies":[{"embeddable":true,"href":"https:\/\/www.technodompro.com\/index.php\/wp-json\/wp\/v2\/comments?post=8713"}],"wp:featuredmedia":[{"embeddable":true,"href":"https:\/\/www.technodompro.com\/index.php\/wp-json\/wp\/v2\/media\/8813"}],"wp:attachment":[{"href":"https:\/\/www.technodompro.com\/index.php\/wp-json\/wp\/v2\/media?parent=8713"}],"wp:term":[{"taxonomy":"product_brand","embeddable":true,"href":"https:\/\/www.technodompro.com\/index.php\/wp-json\/wp\/v2\/product_brand?post=8713"},{"taxonomy":"product_cat","embeddable":true,"href":"https:\/\/www.technodompro.com\/index.php\/wp-json\/wp\/v2\/product_cat?post=8713"},{"taxonomy":"product_tag","embeddable":true,"href":"https:\/\/www.technodompro.com\/index.php\/wp-json\/wp\/v2\/product_tag?post=8713"}],"curies":[{"name":"wp","href":"https:\/\/api.w.org\/{rel}","templated":true}]}}