{"id":9132,"date":"2026-04-27T04:40:51","date_gmt":"2026-04-27T04:40:51","guid":{"rendered":""},"modified":"2026-04-27T04:40:51","modified_gmt":"2026-04-27T04:40:51","slug":"aircraft-r-lesticka-mini-psm-3-pro-objednat-nyni-9132","status":"publish","type":"product","link":"https:\/\/www.technodompro.com\/index.php\/produkt\/aircraft-r-lesticka-mini-psm-3-pro-objednat-nyni-9132\/","title":{"rendered":"Aircraft\u00ae Le\u0161ti\u010dka Mini PSM 3&#8220; PRO Objednat Nyn\u00ed"},"content":{"rendered":"<table>\n<div class=\"tab-pane active product-description\" id=\"popis\" role=\"tabpanel\">\n<div class=\"short-description\" itemprop=\"description\"><\/div>\n<div class=\"description\"><span class='bullet-line'>Pro le\u0161t\u00edc\u00ed a pol\u00edrovac\u00ed pr\u00e1ce na men\u0161\u00edm prostoru<br \/><\/span><span class='bullet-line'>Plynul\u00e1 regulace ot\u00e1\u010dek<br \/><\/span><span class='bullet-line'>Brusn\u00fd tal\u00ed\u0159 na such\u00fd zip<br \/><\/span> <\/p>\n<p> \u25bc Obsah balen\u00ed \u25bc<span class='bullet-line'>Tvrd\u00fd le\u0161t\u00edc\u00ed kotou\u010d \u00d8 76 mm<br \/><\/span><span class='bullet-line'>Univerza\u00e1ln\u00ed le\u0161t\u00edc\u00ed kotou\u010d \u00d8 76 mm<br \/><\/span><span class='bullet-line'>Le\u0161t\u00edc\u00ed kotou\u010d \u00d8 89 mm<\/span><\/div>\n<div class=\"parameters\">\n<tr>\n<td>Max. provozn\u00ed tlak<\/td>\n<td>6,3 bar<\/td>\n<\/tr>\n<tr>\n<td>Spot\u0159eba vzduchu<\/td>\n<td>340 l\/min<\/td>\n<\/tr>\n<tr>\n<td>Pr\u016fm\u011br brusn\u00e9ho kotou\u010de<\/td>\n<td>76 mm<\/td>\n<\/tr>\n<tr>\n<td>Ot\u00e1\u010dky<\/td>\n<td>2000ot\/min<\/td>\n<\/tr>\n<tr>\n<td>Hmotnost<\/td>\n<td>0,75 kg<\/td>\n<\/tr><\/div>\n<\/table>\n","protected":false},"excerpt":{"rendered":"<p>Pro le\u0161t\u00edc\u00ed a pol\u00edrovac\u00ed pr\u00e1ce na men\u0161\u00edm prostoruPlynul\u00e1 regulace ot\u00e1\u010dekBrusn\u00fd tal\u00ed\u0159 na such\u00fd zip \u25bc Obsah balen\u00ed \u25bcTvrd\u00fd le\u0161t\u00edc\u00ed kotou\u010d \u00d8 76 mmUniverza\u00e1ln\u00ed le\u0161t\u00edc\u00ed kotou\u010d \u00d8 76 mmLe\u0161t\u00edc\u00ed kotou\u010d \u00d8 89 mm Max. provozn\u00ed tlak 6,3 bar Spot\u0159eba vzduchu 340 l\/min Pr\u016fm\u011br brusn\u00e9ho kotou\u010de 76 mm Ot\u00e1\u010dky 2000ot\/min Hmotnost 0,75 kg<\/p>\n","protected":false},"featured_media":9232,"comment_status":"open","ping_status":"open","template":"","meta":[],"product_brand":[],"product_cat":[45],"product_tag":[],"class_list":{"0":"post-9132","1":"product","2":"type-product","3":"status-publish","4":"has-post-thumbnail","6":"product_cat-naradi","8":"first","9":"instock","10":"sale","11":"shipping-taxable","12":"purchasable","13":"product-type-simple"},"yoast_head":"<!-- This site is optimized with the Yoast SEO plugin v26.8 - https:\/\/yoast.com\/product\/yoast-seo-wordpress\/ -->\n<title>Aircraft\u00ae Le\u0161ti\u010dka Mini PSM 3&#039;&#039; PRO Objednat Nyn\u00ed -<\/title>\n<meta name=\"robots\" content=\"index, follow, max-snippet:-1, max-image-preview:large, max-video-preview:-1\" \/>\n<link rel=\"canonical\" href=\"https:\/\/www.technodompro.com\/index.php\/produkt\/aircraft-r-lesticka-mini-psm-3-pro-objednat-nyni-9132\/\" \/>\n<meta property=\"og:locale\" content=\"cs_CZ\" \/>\n<meta property=\"og:type\" content=\"article\" \/>\n<meta property=\"og:title\" content=\"Aircraft\u00ae Le\u0161ti\u010dka Mini PSM 3&#039;&#039; PRO Objednat Nyn\u00ed -\" \/>\n<meta property=\"og:description\" content=\"Pro le\u0161t\u00edc\u00ed a pol\u00edrovac\u00ed pr\u00e1ce na men\u0161\u00edm prostoruPlynul\u00e1 regulace ot\u00e1\u010dekBrusn\u00fd tal\u00ed\u0159 na such\u00fd zip \u25bc Obsah balen\u00ed \u25bcTvrd\u00fd le\u0161t\u00edc\u00ed kotou\u010d \u00d8 76 mmUniverza\u00e1ln\u00ed le\u0161t\u00edc\u00ed kotou\u010d \u00d8 76 mmLe\u0161t\u00edc\u00ed kotou\u010d \u00d8 89 mm Max. provozn\u00ed tlak 6,3 bar Spot\u0159eba vzduchu 340 l\/min Pr\u016fm\u011br brusn\u00e9ho kotou\u010de 76 mm Ot\u00e1\u010dky 2000ot\/min Hmotnost 0,75 kg\" \/>\n<meta property=\"og:url\" content=\"https:\/\/www.technodompro.com\/index.php\/produkt\/aircraft-r-lesticka-mini-psm-3-pro-objednat-nyni-9132\/\" \/>\n<meta property=\"og:image\" content=\"https:\/\/www.technodompro.com\/wp-content\/uploads\/2026\/SK0014426-CZ20260425-092328-0-1777080210-2403280-1.webp\" \/>\n\t<meta property=\"og:image:width\" content=\"600\" \/>\n\t<meta property=\"og:image:height\" content=\"585\" \/>\n\t<meta property=\"og:image:type\" content=\"image\/webp\" \/>\n<meta name=\"twitter:card\" content=\"summary_large_image\" \/>\n<script type=\"application\/ld+json\" class=\"yoast-schema-graph\">{\"@context\":\"https:\/\/schema.org\",\"@graph\":[{\"@type\":\"WebPage\",\"@id\":\"https:\/\/www.technodompro.com\/index.php\/produkt\/aircraft-r-lesticka-mini-psm-3-pro-objednat-nyni-9132\/\",\"url\":\"https:\/\/www.technodompro.com\/index.php\/produkt\/aircraft-r-lesticka-mini-psm-3-pro-objednat-nyni-9132\/\",\"name\":\"Aircraft\u00ae Le\u0161ti\u010dka Mini PSM 3'' PRO Objednat Nyn\u00ed -\",\"isPartOf\":{\"@id\":\"https:\/\/www.technodompro.com\/#website\"},\"primaryImageOfPage\":{\"@id\":\"https:\/\/www.technodompro.com\/index.php\/produkt\/aircraft-r-lesticka-mini-psm-3-pro-objednat-nyni-9132\/#primaryimage\"},\"image\":{\"@id\":\"https:\/\/www.technodompro.com\/index.php\/produkt\/aircraft-r-lesticka-mini-psm-3-pro-objednat-nyni-9132\/#primaryimage\"},\"thumbnailUrl\":\"https:\/\/www.technodompro.com\/wp-content\/uploads\/2026\/SK0014426-CZ20260425-092328-0-1777080210-2403280-1.webp\",\"datePublished\":\"2026-04-27T04:40:51+00:00\",\"breadcrumb\":{\"@id\":\"https:\/\/www.technodompro.com\/index.php\/produkt\/aircraft-r-lesticka-mini-psm-3-pro-objednat-nyni-9132\/#breadcrumb\"},\"inLanguage\":\"cs\",\"potentialAction\":[{\"@type\":\"ReadAction\",\"target\":[\"https:\/\/www.technodompro.com\/index.php\/produkt\/aircraft-r-lesticka-mini-psm-3-pro-objednat-nyni-9132\/\"]}]},{\"@type\":\"ImageObject\",\"inLanguage\":\"cs\",\"@id\":\"https:\/\/www.technodompro.com\/index.php\/produkt\/aircraft-r-lesticka-mini-psm-3-pro-objednat-nyni-9132\/#primaryimage\",\"url\":\"https:\/\/www.technodompro.com\/wp-content\/uploads\/2026\/SK0014426-CZ20260425-092328-0-1777080210-2403280-1.webp\",\"contentUrl\":\"https:\/\/www.technodompro.com\/wp-content\/uploads\/2026\/SK0014426-CZ20260425-092328-0-1777080210-2403280-1.webp\",\"width\":600,\"height\":585},{\"@type\":\"BreadcrumbList\",\"@id\":\"https:\/\/www.technodompro.com\/index.php\/produkt\/aircraft-r-lesticka-mini-psm-3-pro-objednat-nyni-9132\/#breadcrumb\",\"itemListElement\":[{\"@type\":\"ListItem\",\"position\":1,\"name\":\"Home\",\"item\":\"https:\/\/www.technodompro.com\/\"},{\"@type\":\"ListItem\",\"position\":2,\"name\":\"Products\",\"item\":\"https:\/\/www.technodompro.com\/index.php\/products\/\"},{\"@type\":\"ListItem\",\"position\":3,\"name\":\"Aircraft\u00ae Le\u0161ti\u010dka Mini PSM 3&#8220; PRO Objednat Nyn\u00ed\"}]},{\"@type\":\"WebSite\",\"@id\":\"https:\/\/www.technodompro.com\/#website\",\"url\":\"https:\/\/www.technodompro.com\/\",\"name\":\"\",\"description\":\"\",\"potentialAction\":[{\"@type\":\"SearchAction\",\"target\":{\"@type\":\"EntryPoint\",\"urlTemplate\":\"https:\/\/www.technodompro.com\/?s={search_term_string}\"},\"query-input\":{\"@type\":\"PropertyValueSpecification\",\"valueRequired\":true,\"valueName\":\"search_term_string\"}}],\"inLanguage\":\"cs\"}]}<\/script>\n<!-- \/ Yoast SEO plugin. -->","yoast_head_json":{"title":"Aircraft\u00ae Le\u0161ti\u010dka Mini PSM 3'' PRO Objednat Nyn\u00ed -","robots":{"index":"index","follow":"follow","max-snippet":"max-snippet:-1","max-image-preview":"max-image-preview:large","max-video-preview":"max-video-preview:-1"},"canonical":"https:\/\/www.technodompro.com\/index.php\/produkt\/aircraft-r-lesticka-mini-psm-3-pro-objednat-nyni-9132\/","og_locale":"cs_CZ","og_type":"article","og_title":"Aircraft\u00ae Le\u0161ti\u010dka Mini PSM 3'' PRO Objednat Nyn\u00ed -","og_description":"Pro le\u0161t\u00edc\u00ed a pol\u00edrovac\u00ed pr\u00e1ce na men\u0161\u00edm prostoruPlynul\u00e1 regulace ot\u00e1\u010dekBrusn\u00fd tal\u00ed\u0159 na such\u00fd zip \u25bc Obsah balen\u00ed \u25bcTvrd\u00fd le\u0161t\u00edc\u00ed kotou\u010d \u00d8 76 mmUniverza\u00e1ln\u00ed le\u0161t\u00edc\u00ed kotou\u010d \u00d8 76 mmLe\u0161t\u00edc\u00ed kotou\u010d \u00d8 89 mm Max. provozn\u00ed tlak 6,3 bar Spot\u0159eba vzduchu 340 l\/min Pr\u016fm\u011br brusn\u00e9ho kotou\u010de 76 mm Ot\u00e1\u010dky 2000ot\/min Hmotnost 0,75 kg","og_url":"https:\/\/www.technodompro.com\/index.php\/produkt\/aircraft-r-lesticka-mini-psm-3-pro-objednat-nyni-9132\/","og_image":[{"width":600,"height":585,"url":"https:\/\/www.technodompro.com\/wp-content\/uploads\/2026\/SK0014426-CZ20260425-092328-0-1777080210-2403280-1.webp","type":"image\/webp"}],"twitter_card":"summary_large_image","schema":{"@context":"https:\/\/schema.org","@graph":[{"@type":"WebPage","@id":"https:\/\/www.technodompro.com\/index.php\/produkt\/aircraft-r-lesticka-mini-psm-3-pro-objednat-nyni-9132\/","url":"https:\/\/www.technodompro.com\/index.php\/produkt\/aircraft-r-lesticka-mini-psm-3-pro-objednat-nyni-9132\/","name":"Aircraft\u00ae Le\u0161ti\u010dka Mini PSM 3'' PRO Objednat Nyn\u00ed -","isPartOf":{"@id":"https:\/\/www.technodompro.com\/#website"},"primaryImageOfPage":{"@id":"https:\/\/www.technodompro.com\/index.php\/produkt\/aircraft-r-lesticka-mini-psm-3-pro-objednat-nyni-9132\/#primaryimage"},"image":{"@id":"https:\/\/www.technodompro.com\/index.php\/produkt\/aircraft-r-lesticka-mini-psm-3-pro-objednat-nyni-9132\/#primaryimage"},"thumbnailUrl":"https:\/\/www.technodompro.com\/wp-content\/uploads\/2026\/SK0014426-CZ20260425-092328-0-1777080210-2403280-1.webp","datePublished":"2026-04-27T04:40:51+00:00","breadcrumb":{"@id":"https:\/\/www.technodompro.com\/index.php\/produkt\/aircraft-r-lesticka-mini-psm-3-pro-objednat-nyni-9132\/#breadcrumb"},"inLanguage":"cs","potentialAction":[{"@type":"ReadAction","target":["https:\/\/www.technodompro.com\/index.php\/produkt\/aircraft-r-lesticka-mini-psm-3-pro-objednat-nyni-9132\/"]}]},{"@type":"ImageObject","inLanguage":"cs","@id":"https:\/\/www.technodompro.com\/index.php\/produkt\/aircraft-r-lesticka-mini-psm-3-pro-objednat-nyni-9132\/#primaryimage","url":"https:\/\/www.technodompro.com\/wp-content\/uploads\/2026\/SK0014426-CZ20260425-092328-0-1777080210-2403280-1.webp","contentUrl":"https:\/\/www.technodompro.com\/wp-content\/uploads\/2026\/SK0014426-CZ20260425-092328-0-1777080210-2403280-1.webp","width":600,"height":585},{"@type":"BreadcrumbList","@id":"https:\/\/www.technodompro.com\/index.php\/produkt\/aircraft-r-lesticka-mini-psm-3-pro-objednat-nyni-9132\/#breadcrumb","itemListElement":[{"@type":"ListItem","position":1,"name":"Home","item":"https:\/\/www.technodompro.com\/"},{"@type":"ListItem","position":2,"name":"Products","item":"https:\/\/www.technodompro.com\/index.php\/products\/"},{"@type":"ListItem","position":3,"name":"Aircraft\u00ae Le\u0161ti\u010dka Mini PSM 3&#8220; PRO Objednat Nyn\u00ed"}]},{"@type":"WebSite","@id":"https:\/\/www.technodompro.com\/#website","url":"https:\/\/www.technodompro.com\/","name":"","description":"","potentialAction":[{"@type":"SearchAction","target":{"@type":"EntryPoint","urlTemplate":"https:\/\/www.technodompro.com\/?s={search_term_string}"},"query-input":{"@type":"PropertyValueSpecification","valueRequired":true,"valueName":"search_term_string"}}],"inLanguage":"cs"}]}},"_links":{"self":[{"href":"https:\/\/www.technodompro.com\/index.php\/wp-json\/wp\/v2\/product\/9132","targetHints":{"allow":["GET"]}}],"collection":[{"href":"https:\/\/www.technodompro.com\/index.php\/wp-json\/wp\/v2\/product"}],"about":[{"href":"https:\/\/www.technodompro.com\/index.php\/wp-json\/wp\/v2\/types\/product"}],"replies":[{"embeddable":true,"href":"https:\/\/www.technodompro.com\/index.php\/wp-json\/wp\/v2\/comments?post=9132"}],"wp:featuredmedia":[{"embeddable":true,"href":"https:\/\/www.technodompro.com\/index.php\/wp-json\/wp\/v2\/media\/9232"}],"wp:attachment":[{"href":"https:\/\/www.technodompro.com\/index.php\/wp-json\/wp\/v2\/media?parent=9132"}],"wp:term":[{"taxonomy":"product_brand","embeddable":true,"href":"https:\/\/www.technodompro.com\/index.php\/wp-json\/wp\/v2\/product_brand?post=9132"},{"taxonomy":"product_cat","embeddable":true,"href":"https:\/\/www.technodompro.com\/index.php\/wp-json\/wp\/v2\/product_cat?post=9132"},{"taxonomy":"product_tag","embeddable":true,"href":"https:\/\/www.technodompro.com\/index.php\/wp-json\/wp\/v2\/product_tag?post=9132"}],"curies":[{"name":"wp","href":"https:\/\/api.w.org\/{rel}","templated":true}]}}